{"id":11559,"date":"2022-02-01T22:51:13","date_gmt":"2022-02-01T22:51:13","guid":{"rendered":"https:\/\/antiqua.mx\/?post_type=product&#038;p=11559"},"modified":"2022-02-12T17:12:03","modified_gmt":"2022-02-12T17:12:03","slug":"huerta-efrain-los-hombres-del-alba","status":"publish","type":"product","link":"https:\/\/antiqua.mx\/en\/product\/huerta-efrain-los-hombres-del-alba\/","title":{"rendered":"HUERTA EFRA\u00cdN. LOS HOMBRES DEL ALBA"},"content":{"rendered":"<p><strong>Huerta Efra\u00edn<\/strong><\/p>\n<p>Editorial: G\u00c9MINIS<\/p>\n<p>Primera edici\u00f3n<\/p>\n<p>A\u00f1o 1944<\/p>\n<p>R\u00fastico, en buenas condiciones.<\/p>\n<p>Pr\u00f3logo de Rafael Solana.<\/p>\n<p>El ejemplar est\u00e1 dedicado por el autor.<\/p>\n<p>Impreso en M\u00e9xico.<\/p>\n<p>193 p\u00e1ginas<\/p>","protected":false},"excerpt":{"rendered":"<ul>\n<li>Editorial: G\u00c9MINIS<\/li>\n<li>Primera edici\u00f3n<\/li>\n<li>A\u00f1o 1944<\/li>\n<li>R\u00fastico, en buenas condiciones.<\/li>\n<li>Autorretrato y pr\u00f3logo de Rafael Solana.<\/li>\n<li>El ejemplar est\u00e1 dedicado por el autor.<\/li>\n<li>Impreso en M\u00e9xico.<\/li>\n<li>193 p\u00e1ginas<\/li>\n<\/ul>","protected":false},"featured_media":11915,"comment_status":"open","ping_status":"closed","template":"","meta":{"_joinchat":[]},"product_brand":[],"product_cat":[335,340],"product_tag":[960,930],"class_list":{"0":"post-11559","1":"product","2":"type-product","3":"status-publish","6":"product_cat-literatura","7":"product_cat-poesia","8":"product_tag-efrain-huerta","9":"product_tag-rafael-solana","11":"first","12":"instock","13":"featured","14":"taxable","15":"shipping-taxable","16":"purchasable","17":"product-type-simple"},"yoast_head":"<!-- This site is optimized with the Yoast SEO plugin v26.1.1 - https:\/\/yoast.com\/wordpress\/plugins\/seo\/ -->\n<title>HUERTA EFRA\u00cdN. LOS HOMBRES DEL ALBA -<\/title>\n<meta name=\"robots\" content=\"index, follow, max-snippet:-1, max-image-preview:large, max-video-preview:-1\" \/>\n<link rel=\"canonical\" href=\"https:\/\/antiqua.mx\/en\/product\/huerta-efrain-los-hombres-del-alba\/\" \/>\n<meta property=\"og:locale\" content=\"en_US\" \/>\n<meta property=\"og:type\" content=\"article\" \/>\n<meta property=\"og:title\" content=\"HUERTA EFRA\u00cdN. LOS HOMBRES DEL ALBA -\" \/>\n<meta property=\"og:description\" content=\"Editorial: G\u00c9MINIS  Primera edici\u00f3n  A\u00f1o 1944  R\u00fastico, en buenas condiciones.  Autorretrato y pr\u00f3logo de Rafael Solana.  El ejemplar est\u00e1 dedicado por el autor.  Impreso en M\u00e9xico.  193 p\u00e1ginas\" \/>\n<meta property=\"og:url\" content=\"https:\/\/antiqua.mx\/en\/product\/huerta-efrain-los-hombres-del-alba\/\" \/>\n<meta property=\"article:modified_time\" content=\"2022-02-12T17:12:03+00:00\" \/>\n<meta property=\"og:image\" content=\"https:\/\/antiqua.mx\/wp-content\/uploads\/2022\/02\/80FC5E77-D027-4456-9634-76181267E4EE-scaled.jpeg\" \/>\n\t<meta property=\"og:image:width\" content=\"1920\" \/>\n\t<meta property=\"og:image:height\" content=\"2560\" \/>\n\t<meta property=\"og:image:type\" content=\"image\/jpeg\" \/>\n<meta name=\"twitter:card\" content=\"summary_large_image\" \/>\n<script type=\"application\/ld+json\" class=\"yoast-schema-graph\">{\"@context\":\"https:\/\/schema.org\",\"@graph\":[{\"@type\":\"WebPage\",\"@id\":\"https:\/\/antiqua.mx\/producto\/huerta-efrain-los-hombres-del-alba\/\",\"url\":\"https:\/\/antiqua.mx\/producto\/huerta-efrain-los-hombres-del-alba\/\",\"name\":\"HUERTA EFRA\u00cdN. LOS HOMBRES DEL ALBA -\",\"isPartOf\":{\"@id\":\"https:\/\/antiqua.mx\/en\/#website\"},\"primaryImageOfPage\":{\"@id\":\"https:\/\/antiqua.mx\/producto\/huerta-efrain-los-hombres-del-alba\/#primaryimage\"},\"image\":{\"@id\":\"https:\/\/antiqua.mx\/producto\/huerta-efrain-los-hombres-del-alba\/#primaryimage\"},\"thumbnailUrl\":\"https:\/\/antiqua.mx\/wp-content\/uploads\/2022\/02\/80FC5E77-D027-4456-9634-76181267E4EE-scaled.jpeg\",\"datePublished\":\"2022-02-01T22:51:13+00:00\",\"dateModified\":\"2022-02-12T17:12:03+00:00\",\"breadcrumb\":{\"@id\":\"https:\/\/antiqua.mx\/producto\/huerta-efrain-los-hombres-del-alba\/#breadcrumb\"},\"inLanguage\":\"en-US\",\"potentialAction\":[{\"@type\":\"ReadAction\",\"target\":[\"https:\/\/antiqua.mx\/producto\/huerta-efrain-los-hombres-del-alba\/\"]}]},{\"@type\":\"ImageObject\",\"inLanguage\":\"en-US\",\"@id\":\"https:\/\/antiqua.mx\/producto\/huerta-efrain-los-hombres-del-alba\/#primaryimage\",\"url\":\"https:\/\/antiqua.mx\/wp-content\/uploads\/2022\/02\/80FC5E77-D027-4456-9634-76181267E4EE-scaled.jpeg\",\"contentUrl\":\"https:\/\/antiqua.mx\/wp-content\/uploads\/2022\/02\/80FC5E77-D027-4456-9634-76181267E4EE-scaled.jpeg\",\"width\":1920,\"height\":2560},{\"@type\":\"BreadcrumbList\",\"@id\":\"https:\/\/antiqua.mx\/producto\/huerta-efrain-los-hombres-del-alba\/#breadcrumb\",\"itemListElement\":[{\"@type\":\"ListItem\",\"position\":1,\"name\":\"Portada\",\"item\":\"https:\/\/antiqua.mx\/en\/\"},{\"@type\":\"ListItem\",\"position\":2,\"name\":\"Tienda\",\"item\":\"https:\/\/antiqua.mx\/tienda\/\"},{\"@type\":\"ListItem\",\"position\":3,\"name\":\"HUERTA EFRA\u00cdN. LOS HOMBRES DEL ALBA\"}]},{\"@type\":\"WebSite\",\"@id\":\"https:\/\/antiqua.mx\/en\/#website\",\"url\":\"https:\/\/antiqua.mx\/en\/\",\"name\":\"\",\"description\":\"\",\"potentialAction\":[{\"@type\":\"SearchAction\",\"target\":{\"@type\":\"EntryPoint\",\"urlTemplate\":\"https:\/\/antiqua.mx\/en\/?s={search_term_string}\"},\"query-input\":{\"@type\":\"PropertyValueSpecification\",\"valueRequired\":true,\"valueName\":\"search_term_string\"}}],\"inLanguage\":\"en-US\"}]}<\/script>\n<!-- \/ Yoast SEO plugin. -->","yoast_head_json":{"title":"HUERTA EFRA\u00cdN. LOS HOMBRES DEL ALBA -","robots":{"index":"index","follow":"follow","max-snippet":"max-snippet:-1","max-image-preview":"max-image-preview:large","max-video-preview":"max-video-preview:-1"},"canonical":"https:\/\/antiqua.mx\/en\/product\/huerta-efrain-los-hombres-del-alba\/","og_locale":"en_US","og_type":"article","og_title":"HUERTA EFRA\u00cdN. LOS HOMBRES DEL ALBA -","og_description":"Editorial: G\u00c9MINIS  Primera edici\u00f3n  A\u00f1o 1944  R\u00fastico, en buenas condiciones.  Autorretrato y pr\u00f3logo de Rafael Solana.  El ejemplar est\u00e1 dedicado por el autor.  Impreso en M\u00e9xico.  193 p\u00e1ginas","og_url":"https:\/\/antiqua.mx\/en\/product\/huerta-efrain-los-hombres-del-alba\/","article_modified_time":"2022-02-12T17:12:03+00:00","og_image":[{"width":1920,"height":2560,"url":"https:\/\/antiqua.mx\/wp-content\/uploads\/2022\/02\/80FC5E77-D027-4456-9634-76181267E4EE-scaled.jpeg","type":"image\/jpeg"}],"twitter_card":"summary_large_image","schema":{"@context":"https:\/\/schema.org","@graph":[{"@type":"WebPage","@id":"https:\/\/antiqua.mx\/producto\/huerta-efrain-los-hombres-del-alba\/","url":"https:\/\/antiqua.mx\/producto\/huerta-efrain-los-hombres-del-alba\/","name":"HUERTA EFRA\u00cdN. LOS HOMBRES DEL ALBA -","isPartOf":{"@id":"https:\/\/antiqua.mx\/en\/#website"},"primaryImageOfPage":{"@id":"https:\/\/antiqua.mx\/producto\/huerta-efrain-los-hombres-del-alba\/#primaryimage"},"image":{"@id":"https:\/\/antiqua.mx\/producto\/huerta-efrain-los-hombres-del-alba\/#primaryimage"},"thumbnailUrl":"https:\/\/antiqua.mx\/wp-content\/uploads\/2022\/02\/80FC5E77-D027-4456-9634-76181267E4EE-scaled.jpeg","datePublished":"2022-02-01T22:51:13+00:00","dateModified":"2022-02-12T17:12:03+00:00","breadcrumb":{"@id":"https:\/\/antiqua.mx\/producto\/huerta-efrain-los-hombres-del-alba\/#breadcrumb"},"inLanguage":"en-US","potentialAction":[{"@type":"ReadAction","target":["https:\/\/antiqua.mx\/producto\/huerta-efrain-los-hombres-del-alba\/"]}]},{"@type":"ImageObject","inLanguage":"en-US","@id":"https:\/\/antiqua.mx\/producto\/huerta-efrain-los-hombres-del-alba\/#primaryimage","url":"https:\/\/antiqua.mx\/wp-content\/uploads\/2022\/02\/80FC5E77-D027-4456-9634-76181267E4EE-scaled.jpeg","contentUrl":"https:\/\/antiqua.mx\/wp-content\/uploads\/2022\/02\/80FC5E77-D027-4456-9634-76181267E4EE-scaled.jpeg","width":1920,"height":2560},{"@type":"BreadcrumbList","@id":"https:\/\/antiqua.mx\/producto\/huerta-efrain-los-hombres-del-alba\/#breadcrumb","itemListElement":[{"@type":"ListItem","position":1,"name":"Portada","item":"https:\/\/antiqua.mx\/en\/"},{"@type":"ListItem","position":2,"name":"Tienda","item":"https:\/\/antiqua.mx\/tienda\/"},{"@type":"ListItem","position":3,"name":"HUERTA EFRA\u00cdN. LOS HOMBRES DEL ALBA"}]},{"@type":"WebSite","@id":"https:\/\/antiqua.mx\/en\/#website","url":"https:\/\/antiqua.mx\/en\/","name":"","description":"","potentialAction":[{"@type":"SearchAction","target":{"@type":"EntryPoint","urlTemplate":"https:\/\/antiqua.mx\/en\/?s={search_term_string}"},"query-input":{"@type":"PropertyValueSpecification","valueRequired":true,"valueName":"search_term_string"}}],"inLanguage":"en-US"}]}},"jetpack_sharing_enabled":true,"_links":{"self":[{"href":"https:\/\/antiqua.mx\/en\/wp-json\/wp\/v2\/product\/11559","targetHints":{"allow":["GET"]}}],"collection":[{"href":"https:\/\/antiqua.mx\/en\/wp-json\/wp\/v2\/product"}],"about":[{"href":"https:\/\/antiqua.mx\/en\/wp-json\/wp\/v2\/types\/product"}],"replies":[{"embeddable":true,"href":"https:\/\/antiqua.mx\/en\/wp-json\/wp\/v2\/comments?post=11559"}],"wp:featuredmedia":[{"embeddable":true,"href":"https:\/\/antiqua.mx\/en\/wp-json\/wp\/v2\/media\/11915"}],"wp:attachment":[{"href":"https:\/\/antiqua.mx\/en\/wp-json\/wp\/v2\/media?parent=11559"}],"wp:term":[{"taxonomy":"product_brand","embeddable":true,"href":"https:\/\/antiqua.mx\/en\/wp-json\/wp\/v2\/product_brand?post=11559"},{"taxonomy":"product_cat","embeddable":true,"href":"https:\/\/antiqua.mx\/en\/wp-json\/wp\/v2\/product_cat?post=11559"},{"taxonomy":"product_tag","embeddable":true,"href":"https:\/\/antiqua.mx\/en\/wp-json\/wp\/v2\/product_tag?post=11559"}],"curies":[{"name":"wp","href":"https:\/\/api.w.org\/{rel}","templated":true}]}}

HUERTA EFRAÍN. LOS HOMBRES DEL ALBA

<p><strong>Huerta Efraín</strong></p>
<p>Editorial: GÉMINIS</p>
<p>Primera edición</p>
<p>Año 1944</p>
<p>Rústico, en buenas condiciones.</p>
<p>Prólogo de Rafael Solana.</p>
<p>El ejemplar está dedicado por el autor.</p>
<p>Impreso en México.</p>
<p>193 páginas</p>

<ul>
<li>Editorial: GÉMINIS</li>
<li>Primera edición</li>
<li>Año 1944</li>
<li>Rústico, en buenas condiciones.</li>
<li>Autorretrato y prólogo de Rafael Solana.</li>
<li>El ejemplar está dedicado por el autor.</li>
<li>Impreso en México.</li>
<li>193 páginas</li>
</ul>

<!-- This site is optimized with the Yoast SEO plugin v26.1.1 - https://yoast.com/wordpress/plugins/seo/ -->
<title>HUERTA EFRAÍN. LOS HOMBRES DEL ALBA -</title>
<meta name="robots" content="index, follow, max-snippet:-1, max-image-preview:large, max-video-preview:-1" />
<link rel="canonical" href="https://antiqua.mx/en/product/huerta-efrain-los-hombres-del-alba/" />
<meta property="og:locale" content="en_US" />
<meta property="og:type" content="article" />
<meta property="og:title" content="HUERTA EFRAÍN. LOS HOMBRES DEL ALBA -" />
<meta property="og:description" content="Editorial: GÉMINIS  Primera edición  Año 1944  Rústico, en buenas condiciones.  Autorretrato y prólogo de Rafael Solana.  El ejemplar está dedicado por el autor.  Impreso en México.  193 páginas" />
<meta property="og:url" content="https://antiqua.mx/en/product/huerta-efrain-los-hombres-del-alba/" />
<meta property="article:modified_time" content="2022-02-12T17:12:03+00:00" />
<meta property="og:image" content="https://antiqua.mx/wp-content/uploads/2022/02/80FC5E77-D027-4456-9634-76181267E4EE-scaled.jpeg" />
	<meta property="og:image:width" content="1920" />
	<meta property="og:image:height" content="2560" />
	<meta property="og:image:type" content="image/jpeg" />
<meta name="twitter:card" content="summary_large_image" />
<script type="application/ld+json" class="yoast-schema-graph">{"@context":"https://schema.org","@graph":[{"@type":"WebPage","@id":"https://antiqua.mx/producto/huerta-efrain-los-hombres-del-alba/","url":"https://antiqua.mx/producto/huerta-efrain-los-hombres-del-alba/","name":"HUERTA EFRAÍN. LOS HOMBRES DEL ALBA -","isPartOf":{"@id":"https://antiqua.mx/en/#website"},"primaryImageOfPage":{"@id":"https://antiqua.mx/producto/huerta-efrain-los-hombres-del-alba/#primaryimage"},"image":{"@id":"https://antiqua.mx/producto/huerta-efrain-los-hombres-del-alba/#primaryimage"},"thumbnailUrl":"https://antiqua.mx/wp-content/uploads/2022/02/80FC5E77-D027-4456-9634-76181267E4EE-scaled.jpeg","datePublished":"2022-02-01T22:51:13+00:00","dateModified":"2022-02-12T17:12:03+00:00","breadcrumb":{"@id":"https://antiqua.mx/producto/huerta-efrain-los-hombres-del-alba/#breadcrumb"},"inLanguage":"en-US","potentialAction":[{"@type":"ReadAction","target":["https://antiqua.mx/producto/huerta-efrain-los-hombres-del-alba/"]}]},{"@type":"ImageObject","inLanguage":"en-US","@id":"https://antiqua.mx/producto/huerta-efrain-los-hombres-del-alba/#primaryimage","url":"https://antiqua.mx/wp-content/uploads/2022/02/80FC5E77-D027-4456-9634-76181267E4EE-scaled.jpeg","contentUrl":"https://antiqua.mx/wp-content/uploads/2022/02/80FC5E77-D027-4456-9634-76181267E4EE-scaled.jpeg","width":1920,"height":2560},{"@type":"BreadcrumbList","@id":"https://antiqua.mx/producto/huerta-efrain-los-hombres-del-alba/#breadcrumb","itemListElement":[{"@type":"ListItem","position":1,"name":"Portada","item":"https://antiqua.mx/en/"},{"@type":"ListItem","position":2,"name":"Tienda","item":"https://antiqua.mx/tienda/"},{"@type":"ListItem","position":3,"name":"HUERTA EFRAÍN. LOS HOMBRES DEL ALBA"}]},{"@type":"WebSite","@id":"https://antiqua.mx/en/#website","url":"https://antiqua.mx/en/","name":"","description":"","potentialAction":[{"@type":"SearchAction","target":{"@type":"EntryPoint","urlTemplate":"https://antiqua.mx/en/?s={search_term_string}"},"query-input":{"@type":"PropertyValueSpecification","valueRequired":true,"valueName":"search_term_string"}}],"inLanguage":"en-US"}]}</script>
<!-- / Yoast SEO plugin. -->

HUERTA EFRAÍN. LOS HOMBRES DEL ALBA -

Editorial: GÉMINIS  Primera edición  Año 1944  Rústico, en buenas condiciones.  Autorretrato y prólogo de Rafael Solana.  El ejemplar está dedicado por el autor.  Impreso en México.  193 páginas
