{"id":12258,"date":"2022-02-15T03:01:10","date_gmt":"2022-02-15T03:01:10","guid":{"rendered":"https:\/\/antiqua.mx\/?post_type=product&#038;p=12258"},"modified":"2025-08-29T21:35:28","modified_gmt":"2025-08-29T21:35:28","slug":"cardenas-de-la-pena-enrique-urdaneta-y-el-tornaviaje","status":"publish","type":"product","link":"https:\/\/antiqua.mx\/en\/product\/cardenas-de-la-pena-enrique-urdaneta-y-el-tornaviaje\/","title":{"rendered":"C\u00c1RDENAS DE LA PE\u00d1A ENRIQUE. URDANETA Y &#8220;EL TORNAVIAJE&#8221;"},"content":{"rendered":"<p><strong>C\u00e1rdenas de la Pe\u00f1a Enrique<\/strong><\/p>\n<p>Editorial: SECRETAR\u00cdA DE MARINA<\/p>\n<p>A\u00f1o 1965<\/p>\n<p>R\u00fastico, en buenas condiciones. El ejemplar est\u00e1 forrado.<\/p>\n<p>El ejemplar est\u00e1 ilustrado con 28 l\u00e1minas a color y a blanco y negro.<\/p>\n<p>Impreso en M\u00e9xico.<\/p>\n<p>290 p\u00e1ginas<\/p>","protected":false},"excerpt":{"rendered":"<ul>\n<li>Editorial: SECRETAR\u00cdA DE MARINA<\/li>\n<li>A\u00f1o 1965<\/li>\n<li>R\u00fastico, en buenas condiciones. El ejemplar est\u00e1 forrado.<\/li>\n<li>A las \u00faltimas 9 hojas les falta un pedacito de la esquina superior derecha.<\/li>\n<li>El ejemplar est\u00e1 ilustrado con 28 l\u00e1minas a color y a blanco y negro.<\/li>\n<li>Impreso en M\u00e9xico.<\/li>\n<li>290 p\u00e1ginas<\/li>\n<\/ul>","protected":false},"featured_media":12769,"comment_status":"open","ping_status":"closed","template":"","meta":{"_joinchat":[]},"product_brand":[],"product_cat":[388,398,375,377,1340],"product_tag":[1442,4277,3016,3014,3012,3007,3015,3013,3017],"class_list":{"0":"post-12258","1":"product","2":"type-product","3":"status-publish","6":"product_cat-geomex","7":"product_cat-histguerr","8":"product_cat-mex","9":"product_cat-nuevaesp","10":"product_cat-pais","11":"product_tag-acapulco","12":"product_tag-enrique-cardenas-de-la-pena","13":"product_tag-filipinas","14":"product_tag-fray-andres-de-urdaneta","15":"product_tag-galeon-de-manila","16":"product_tag-indias-occidentales","17":"product_tag-miguel-lopez-legazpi","18":"product_tag-nao-de-china","19":"product_tag-navegacion","21":"first","22":"instock","23":"featured","24":"taxable","25":"shipping-taxable","26":"purchasable","27":"product-type-simple"},"yoast_head":"<!-- This site is optimized with the Yoast SEO plugin v26.1.1 - https:\/\/yoast.com\/wordpress\/plugins\/seo\/ -->\n<title>C\u00c1RDENAS DE LA PE\u00d1A ENRIQUE. URDANETA Y &quot;EL TORNAVIAJE&quot; -<\/title>\n<meta name=\"robots\" content=\"index, follow, max-snippet:-1, max-image-preview:large, max-video-preview:-1\" \/>\n<link rel=\"canonical\" href=\"https:\/\/antiqua.mx\/en\/product\/cardenas-de-la-pena-enrique-urdaneta-y-el-tornaviaje\/\" \/>\n<meta property=\"og:locale\" content=\"en_US\" \/>\n<meta property=\"og:type\" content=\"article\" \/>\n<meta property=\"og:title\" content=\"C\u00c1RDENAS DE LA PE\u00d1A ENRIQUE. URDANETA Y &quot;EL TORNAVIAJE&quot; -\" \/>\n<meta property=\"og:description\" content=\"Editorial: SECRETAR\u00cdA DE MARINA  A\u00f1o 1965  R\u00fastico, en buenas condiciones. El ejemplar est\u00e1 forrado.  A las \u00faltimas 9 hojas les falta un pedacito de la esquina superior derecha.  El ejemplar est\u00e1 ilustrado con 28 l\u00e1minas a color y a blanco y negro.  Impreso en M\u00e9xico.  290 p\u00e1ginas\" \/>\n<meta property=\"og:url\" content=\"https:\/\/antiqua.mx\/en\/product\/cardenas-de-la-pena-enrique-urdaneta-y-el-tornaviaje\/\" \/>\n<meta property=\"article:modified_time\" content=\"2025-08-29T21:35:28+00:00\" \/>\n<meta property=\"og:image\" content=\"https:\/\/antiqua.mx\/wp-content\/uploads\/2022\/02\/D7010672-2321-4832-8462-85E3E6515E4D-scaled.jpeg\" \/>\n\t<meta property=\"og:image:width\" content=\"1920\" \/>\n\t<meta property=\"og:image:height\" content=\"2560\" \/>\n\t<meta property=\"og:image:type\" content=\"image\/jpeg\" \/>\n<meta name=\"twitter:card\" content=\"summary_large_image\" \/>\n<script type=\"application\/ld+json\" class=\"yoast-schema-graph\">{\"@context\":\"https:\/\/schema.org\",\"@graph\":[{\"@type\":\"WebPage\",\"@id\":\"https:\/\/antiqua.mx\/producto\/cardenas-de-la-pena-enrique-urdaneta-y-el-tornaviaje\/\",\"url\":\"https:\/\/antiqua.mx\/producto\/cardenas-de-la-pena-enrique-urdaneta-y-el-tornaviaje\/\",\"name\":\"C\u00c1RDENAS DE LA PE\u00d1A ENRIQUE. URDANETA Y \\\"EL TORNAVIAJE\\\" -\",\"isPartOf\":{\"@id\":\"https:\/\/antiqua.mx\/en\/#website\"},\"primaryImageOfPage\":{\"@id\":\"https:\/\/antiqua.mx\/producto\/cardenas-de-la-pena-enrique-urdaneta-y-el-tornaviaje\/#primaryimage\"},\"image\":{\"@id\":\"https:\/\/antiqua.mx\/producto\/cardenas-de-la-pena-enrique-urdaneta-y-el-tornaviaje\/#primaryimage\"},\"thumbnailUrl\":\"https:\/\/antiqua.mx\/wp-content\/uploads\/2022\/02\/D7010672-2321-4832-8462-85E3E6515E4D-scaled.jpeg\",\"datePublished\":\"2022-02-15T03:01:10+00:00\",\"dateModified\":\"2025-08-29T21:35:28+00:00\",\"breadcrumb\":{\"@id\":\"https:\/\/antiqua.mx\/producto\/cardenas-de-la-pena-enrique-urdaneta-y-el-tornaviaje\/#breadcrumb\"},\"inLanguage\":\"en-US\",\"potentialAction\":[{\"@type\":\"ReadAction\",\"target\":[\"https:\/\/antiqua.mx\/producto\/cardenas-de-la-pena-enrique-urdaneta-y-el-tornaviaje\/\"]}]},{\"@type\":\"ImageObject\",\"inLanguage\":\"en-US\",\"@id\":\"https:\/\/antiqua.mx\/producto\/cardenas-de-la-pena-enrique-urdaneta-y-el-tornaviaje\/#primaryimage\",\"url\":\"https:\/\/antiqua.mx\/wp-content\/uploads\/2022\/02\/D7010672-2321-4832-8462-85E3E6515E4D-scaled.jpeg\",\"contentUrl\":\"https:\/\/antiqua.mx\/wp-content\/uploads\/2022\/02\/D7010672-2321-4832-8462-85E3E6515E4D-scaled.jpeg\",\"width\":1920,\"height\":2560},{\"@type\":\"BreadcrumbList\",\"@id\":\"https:\/\/antiqua.mx\/producto\/cardenas-de-la-pena-enrique-urdaneta-y-el-tornaviaje\/#breadcrumb\",\"itemListElement\":[{\"@type\":\"ListItem\",\"position\":1,\"name\":\"Portada\",\"item\":\"https:\/\/antiqua.mx\/en\/\"},{\"@type\":\"ListItem\",\"position\":2,\"name\":\"Tienda\",\"item\":\"https:\/\/antiqua.mx\/tienda\/\"},{\"@type\":\"ListItem\",\"position\":3,\"name\":\"C\u00c1RDENAS DE LA PE\u00d1A ENRIQUE. URDANETA Y &#8220;EL TORNAVIAJE&#8221;\"}]},{\"@type\":\"WebSite\",\"@id\":\"https:\/\/antiqua.mx\/en\/#website\",\"url\":\"https:\/\/antiqua.mx\/en\/\",\"name\":\"\",\"description\":\"\",\"potentialAction\":[{\"@type\":\"SearchAction\",\"target\":{\"@type\":\"EntryPoint\",\"urlTemplate\":\"https:\/\/antiqua.mx\/en\/?s={search_term_string}\"},\"query-input\":{\"@type\":\"PropertyValueSpecification\",\"valueRequired\":true,\"valueName\":\"search_term_string\"}}],\"inLanguage\":\"en-US\"}]}<\/script>\n<!-- \/ Yoast SEO plugin. -->","yoast_head_json":{"title":"C\u00c1RDENAS DE LA PE\u00d1A ENRIQUE. URDANETA Y \"EL TORNAVIAJE\" -","robots":{"index":"index","follow":"follow","max-snippet":"max-snippet:-1","max-image-preview":"max-image-preview:large","max-video-preview":"max-video-preview:-1"},"canonical":"https:\/\/antiqua.mx\/en\/product\/cardenas-de-la-pena-enrique-urdaneta-y-el-tornaviaje\/","og_locale":"en_US","og_type":"article","og_title":"C\u00c1RDENAS DE LA PE\u00d1A ENRIQUE. URDANETA Y \"EL TORNAVIAJE\" -","og_description":"Editorial: SECRETAR\u00cdA DE MARINA  A\u00f1o 1965  R\u00fastico, en buenas condiciones. El ejemplar est\u00e1 forrado.  A las \u00faltimas 9 hojas les falta un pedacito de la esquina superior derecha.  El ejemplar est\u00e1 ilustrado con 28 l\u00e1minas a color y a blanco y negro.  Impreso en M\u00e9xico.  290 p\u00e1ginas","og_url":"https:\/\/antiqua.mx\/en\/product\/cardenas-de-la-pena-enrique-urdaneta-y-el-tornaviaje\/","article_modified_time":"2025-08-29T21:35:28+00:00","og_image":[{"width":1920,"height":2560,"url":"https:\/\/antiqua.mx\/wp-content\/uploads\/2022\/02\/D7010672-2321-4832-8462-85E3E6515E4D-scaled.jpeg","type":"image\/jpeg"}],"twitter_card":"summary_large_image","schema":{"@context":"https:\/\/schema.org","@graph":[{"@type":"WebPage","@id":"https:\/\/antiqua.mx\/producto\/cardenas-de-la-pena-enrique-urdaneta-y-el-tornaviaje\/","url":"https:\/\/antiqua.mx\/producto\/cardenas-de-la-pena-enrique-urdaneta-y-el-tornaviaje\/","name":"C\u00c1RDENAS DE LA PE\u00d1A ENRIQUE. URDANETA Y \"EL TORNAVIAJE\" -","isPartOf":{"@id":"https:\/\/antiqua.mx\/en\/#website"},"primaryImageOfPage":{"@id":"https:\/\/antiqua.mx\/producto\/cardenas-de-la-pena-enrique-urdaneta-y-el-tornaviaje\/#primaryimage"},"image":{"@id":"https:\/\/antiqua.mx\/producto\/cardenas-de-la-pena-enrique-urdaneta-y-el-tornaviaje\/#primaryimage"},"thumbnailUrl":"https:\/\/antiqua.mx\/wp-content\/uploads\/2022\/02\/D7010672-2321-4832-8462-85E3E6515E4D-scaled.jpeg","datePublished":"2022-02-15T03:01:10+00:00","dateModified":"2025-08-29T21:35:28+00:00","breadcrumb":{"@id":"https:\/\/antiqua.mx\/producto\/cardenas-de-la-pena-enrique-urdaneta-y-el-tornaviaje\/#breadcrumb"},"inLanguage":"en-US","potentialAction":[{"@type":"ReadAction","target":["https:\/\/antiqua.mx\/producto\/cardenas-de-la-pena-enrique-urdaneta-y-el-tornaviaje\/"]}]},{"@type":"ImageObject","inLanguage":"en-US","@id":"https:\/\/antiqua.mx\/producto\/cardenas-de-la-pena-enrique-urdaneta-y-el-tornaviaje\/#primaryimage","url":"https:\/\/antiqua.mx\/wp-content\/uploads\/2022\/02\/D7010672-2321-4832-8462-85E3E6515E4D-scaled.jpeg","contentUrl":"https:\/\/antiqua.mx\/wp-content\/uploads\/2022\/02\/D7010672-2321-4832-8462-85E3E6515E4D-scaled.jpeg","width":1920,"height":2560},{"@type":"BreadcrumbList","@id":"https:\/\/antiqua.mx\/producto\/cardenas-de-la-pena-enrique-urdaneta-y-el-tornaviaje\/#breadcrumb","itemListElement":[{"@type":"ListItem","position":1,"name":"Portada","item":"https:\/\/antiqua.mx\/en\/"},{"@type":"ListItem","position":2,"name":"Tienda","item":"https:\/\/antiqua.mx\/tienda\/"},{"@type":"ListItem","position":3,"name":"C\u00c1RDENAS DE LA PE\u00d1A ENRIQUE. URDANETA Y &#8220;EL TORNAVIAJE&#8221;"}]},{"@type":"WebSite","@id":"https:\/\/antiqua.mx\/en\/#website","url":"https:\/\/antiqua.mx\/en\/","name":"","description":"","potentialAction":[{"@type":"SearchAction","target":{"@type":"EntryPoint","urlTemplate":"https:\/\/antiqua.mx\/en\/?s={search_term_string}"},"query-input":{"@type":"PropertyValueSpecification","valueRequired":true,"valueName":"search_term_string"}}],"inLanguage":"en-US"}]}},"jetpack_sharing_enabled":true,"_links":{"self":[{"href":"https:\/\/antiqua.mx\/en\/wp-json\/wp\/v2\/product\/12258","targetHints":{"allow":["GET"]}}],"collection":[{"href":"https:\/\/antiqua.mx\/en\/wp-json\/wp\/v2\/product"}],"about":[{"href":"https:\/\/antiqua.mx\/en\/wp-json\/wp\/v2\/types\/product"}],"replies":[{"embeddable":true,"href":"https:\/\/antiqua.mx\/en\/wp-json\/wp\/v2\/comments?post=12258"}],"wp:featuredmedia":[{"embeddable":true,"href":"https:\/\/antiqua.mx\/en\/wp-json\/wp\/v2\/media\/12769"}],"wp:attachment":[{"href":"https:\/\/antiqua.mx\/en\/wp-json\/wp\/v2\/media?parent=12258"}],"wp:term":[{"taxonomy":"product_brand","embeddable":true,"href":"https:\/\/antiqua.mx\/en\/wp-json\/wp\/v2\/product_brand?post=12258"},{"taxonomy":"product_cat","embeddable":true,"href":"https:\/\/antiqua.mx\/en\/wp-json\/wp\/v2\/product_cat?post=12258"},{"taxonomy":"product_tag","embeddable":true,"href":"https:\/\/antiqua.mx\/en\/wp-json\/wp\/v2\/product_tag?post=12258"}],"curies":[{"name":"wp","href":"https:\/\/api.w.org\/{rel}","templated":true}]}}

CÁRDENAS DE LA PEÑA ENRIQUE. URDANETA Y &#8220;EL TORNAVIAJE&#8221;

<p><strong>Cárdenas de la Peña Enrique</strong></p>
<p>Editorial: SECRETARÍA DE MARINA</p>
<p>Año 1965</p>
<p>Rústico, en buenas condiciones. El ejemplar está forrado.</p>
<p>El ejemplar está ilustrado con 28 láminas a color y a blanco y negro.</p>
<p>Impreso en México.</p>
<p>290 páginas</p>

<ul>
<li>Editorial: SECRETARÍA DE MARINA</li>
<li>Año 1965</li>
<li>Rústico, en buenas condiciones. El ejemplar está forrado.</li>
<li>A las últimas 9 hojas les falta un pedacito de la esquina superior derecha.</li>
<li>El ejemplar está ilustrado con 28 láminas a color y a blanco y negro.</li>
<li>Impreso en México.</li>
<li>290 páginas</li>
</ul>

<!-- This site is optimized with the Yoast SEO plugin v26.1.1 - https://yoast.com/wordpress/plugins/seo/ -->
<title>CÁRDENAS DE LA PEÑA ENRIQUE. URDANETA Y &quot;EL TORNAVIAJE&quot; -</title>
<meta name="robots" content="index, follow, max-snippet:-1, max-image-preview:large, max-video-preview:-1" />
<link rel="canonical" href="https://antiqua.mx/en/product/cardenas-de-la-pena-enrique-urdaneta-y-el-tornaviaje/" />
<meta property="og:locale" content="en_US" />
<meta property="og:type" content="article" />
<meta property="og:title" content="CÁRDENAS DE LA PEÑA ENRIQUE. URDANETA Y &quot;EL TORNAVIAJE&quot; -" />
<meta property="og:description" content="Editorial: SECRETARÍA DE MARINA  Año 1965  Rústico, en buenas condiciones. El ejemplar está forrado.  A las últimas 9 hojas les falta un pedacito de la esquina superior derecha.  El ejemplar está ilustrado con 28 láminas a color y a blanco y negro.  Impreso en México.  290 páginas" />
<meta property="og:url" content="https://antiqua.mx/en/product/cardenas-de-la-pena-enrique-urdaneta-y-el-tornaviaje/" />
<meta property="article:modified_time" content="2025-08-29T21:35:28+00:00" />
<meta property="og:image" content="https://antiqua.mx/wp-content/uploads/2022/02/D7010672-2321-4832-8462-85E3E6515E4D-scaled.jpeg" />
	<meta property="og:image:width" content="1920" />
	<meta property="og:image:height" content="2560" />
	<meta property="og:image:type" content="image/jpeg" />
<meta name="twitter:card" content="summary_large_image" />
<script type="application/ld+json" class="yoast-schema-graph">{"@context":"https://schema.org","@graph":[{"@type":"WebPage","@id":"https://antiqua.mx/producto/cardenas-de-la-pena-enrique-urdaneta-y-el-tornaviaje/","url":"https://antiqua.mx/producto/cardenas-de-la-pena-enrique-urdaneta-y-el-tornaviaje/","name":"CÁRDENAS DE LA PEÑA ENRIQUE. URDANETA Y \"EL TORNAVIAJE\" -","isPartOf":{"@id":"https://antiqua.mx/en/#website"},"primaryImageOfPage":{"@id":"https://antiqua.mx/producto/cardenas-de-la-pena-enrique-urdaneta-y-el-tornaviaje/#primaryimage"},"image":{"@id":"https://antiqua.mx/producto/cardenas-de-la-pena-enrique-urdaneta-y-el-tornaviaje/#primaryimage"},"thumbnailUrl":"https://antiqua.mx/wp-content/uploads/2022/02/D7010672-2321-4832-8462-85E3E6515E4D-scaled.jpeg","datePublished":"2022-02-15T03:01:10+00:00","dateModified":"2025-08-29T21:35:28+00:00","breadcrumb":{"@id":"https://antiqua.mx/producto/cardenas-de-la-pena-enrique-urdaneta-y-el-tornaviaje/#breadcrumb"},"inLanguage":"en-US","potentialAction":[{"@type":"ReadAction","target":["https://antiqua.mx/producto/cardenas-de-la-pena-enrique-urdaneta-y-el-tornaviaje/"]}]},{"@type":"ImageObject","inLanguage":"en-US","@id":"https://antiqua.mx/producto/cardenas-de-la-pena-enrique-urdaneta-y-el-tornaviaje/#primaryimage","url":"https://antiqua.mx/wp-content/uploads/2022/02/D7010672-2321-4832-8462-85E3E6515E4D-scaled.jpeg","contentUrl":"https://antiqua.mx/wp-content/uploads/2022/02/D7010672-2321-4832-8462-85E3E6515E4D-scaled.jpeg","width":1920,"height":2560},{"@type":"BreadcrumbList","@id":"https://antiqua.mx/producto/cardenas-de-la-pena-enrique-urdaneta-y-el-tornaviaje/#breadcrumb","itemListElement":[{"@type":"ListItem","position":1,"name":"Portada","item":"https://antiqua.mx/en/"},{"@type":"ListItem","position":2,"name":"Tienda","item":"https://antiqua.mx/tienda/"},{"@type":"ListItem","position":3,"name":"CÁRDENAS DE LA PEÑA ENRIQUE. URDANETA Y &#8220;EL TORNAVIAJE&#8221;"}]},{"@type":"WebSite","@id":"https://antiqua.mx/en/#website","url":"https://antiqua.mx/en/","name":"","description":"","potentialAction":[{"@type":"SearchAction","target":{"@type":"EntryPoint","urlTemplate":"https://antiqua.mx/en/?s={search_term_string}"},"query-input":{"@type":"PropertyValueSpecification","valueRequired":true,"valueName":"search_term_string"}}],"inLanguage":"en-US"}]}</script>
<!-- / Yoast SEO plugin. -->

CÁRDENAS DE LA PEÑA ENRIQUE. URDANETA Y "EL TORNAVIAJE" -

Editorial: SECRETARÍA DE MARINA  Año 1965  Rústico, en buenas condiciones. El ejemplar está forrado.  A las últimas 9 hojas les falta un pedacito de la esquina superior derecha.  El ejemplar está ilustrado con 28 láminas a color y a blanco y negro.  Impreso en México.  290 páginas
