{"id":13004,"date":"2022-03-10T00:33:40","date_gmt":"2022-03-10T00:33:40","guid":{"rendered":"https:\/\/antiqua.mx\/?post_type=product&#038;p=13004"},"modified":"2025-08-14T21:40:21","modified_gmt":"2025-08-14T21:40:21","slug":"rejano-juan-la-esfinge-mestiza-cronica-menor-de-mexico","status":"publish","type":"product","link":"https:\/\/antiqua.mx\/en\/product\/rejano-juan-la-esfinge-mestiza-cronica-menor-de-mexico\/","title":{"rendered":"REJANO JUAN. LA ESFINGE MESTIZA. CR\u00d3NICA MENOR DE M\u00c9XICO"},"content":{"rendered":"<p><strong>Rejano Juan<\/strong><\/p>\n<p>Editorial: LEYENDA, S. A.<\/p>\n<p>A\u00f1o 1945<\/p>\n<p>R\u00fastico, en buenas condiciones. Las orillas del empastado est\u00e1n manchadas y en la parte inferior tiene la clasificaci\u00f3n de biblioteca.<\/p>\n<p>El ejemplar est\u00e1 intonso.<\/p>\n<p>Portada e ilustraciones de Miguel Prieto.<\/p>\n<p class=\"p1\">La obra tiene sellos del\u00a0 &#8220;ASPIRANTADO JUAN PONCE DE LE\u00d3N BIBLIOTECA: DR. CARLOS FUENTES GUTI\u00c9RREZ 10 PONIENTE No. 1711, PUEBLA, PUE.&#8221;<\/p>\n<p><strong>COLECCI\u00d3N CARABELA.<\/strong><\/p>\n<p>Impreso en M\u00e9xico.<\/p>\n<p>292 p\u00e1ginas<\/p>","protected":false},"excerpt":{"rendered":"<ul>\n<li>Editorial: LEYENDA, S. A.<\/li>\n<li>A\u00f1o 1945<\/li>\n<li>R\u00fastico, en buenas condiciones. Las orillas del empastado est\u00e1n manchadas y en la parte inferior tiene la clasificaci\u00f3n de biblioteca.<\/li>\n<li>El ejemplar est\u00e1 intonso.<\/li>\n<li>Portada e ilustraciones de Miguel Prieto.<\/li>\n<li class=\"p1\">La obra tiene sellos del\u00a0 &#8220;ASPIRANTADO JUAN PONCE DE LE\u00d3N BIBLIOTECA: DR. CARLOS FUENTES GUTI\u00c9RREZ 10 PONIENTE No. 1711, PUEBLA, PUE.&#8221;<\/li>\n<li><strong>COLECCI\u00d3N CARABELA.<\/strong><\/li>\n<li>Impreso en M\u00e9xico.<\/li>\n<li>292 p\u00e1ginas<\/li>\n<\/ul>","protected":false},"featured_media":13054,"comment_status":"open","ping_status":"closed","template":"","meta":{"_joinchat":[]},"product_brand":[],"product_cat":[349,1557,387,388,375,2008],"product_tag":[1017,3140,1619,1014,3138,2625,977,3137,3142,4198,1018,3141,1130,3139,1192,2087,1252],"class_list":{"0":"post-13004","1":"product","2":"type-product","3":"status-publish","6":"product_cat-arte","7":"product_cat-arte-universal","8":"product_cat-cultmex","9":"product_cat-geomex","10":"product_cat-mex","11":"product_cat-obra-plastica-uni","12":"product_tag-campeche","13":"product_tag-cantinas","14":"product_tag-cholula","15":"product_tag-ciudad-de-mexico","16":"product_tag-cuernavaca","17":"product_tag-generacion-del-27","18":"product_tag-jose-guadalupe-posada","19":"product_tag-juan-rejano","20":"product_tag-librerias","21":"product_tag-miguel-prieto","22":"product_tag-puebla","23":"product_tag-pulquerias","24":"product_tag-teotihuacan","25":"product_tag-toros","26":"product_tag-veracruz","27":"product_tag-xochimilco","28":"product_tag-yucatan","30":"first","31":"instock","32":"featured","33":"taxable","34":"shipping-taxable","35":"purchasable","36":"product-type-simple"},"yoast_head":"<!-- This site is optimized with the Yoast SEO plugin v26.1.1 - https:\/\/yoast.com\/wordpress\/plugins\/seo\/ -->\n<title>REJANO JUAN. LA ESFINGE MESTIZA. CR\u00d3NICA MENOR DE M\u00c9XICO -<\/title>\n<meta name=\"robots\" content=\"index, follow, max-snippet:-1, max-image-preview:large, max-video-preview:-1\" \/>\n<link rel=\"canonical\" href=\"https:\/\/antiqua.mx\/en\/product\/rejano-juan-la-esfinge-mestiza-cronica-menor-de-mexico\/\" \/>\n<meta property=\"og:locale\" content=\"en_US\" \/>\n<meta property=\"og:type\" content=\"article\" \/>\n<meta property=\"og:title\" content=\"REJANO JUAN. LA ESFINGE MESTIZA. CR\u00d3NICA MENOR DE M\u00c9XICO -\" \/>\n<meta property=\"og:description\" content=\"Editorial: LEYENDA, S. A.  A\u00f1o 1945  R\u00fastico, en buenas condiciones. Las orillas del empastado est\u00e1n manchadas y en la parte inferior tiene la clasificaci\u00f3n de biblioteca.  El ejemplar est\u00e1 intonso.  Portada e ilustraciones de Miguel Prieto.  La obra tiene sellos del\u00a0 &quot;ASPIRANTADO JUAN PONCE DE LE\u00d3N BIBLIOTECA: DR. CARLOS FUENTES GUTI\u00c9RREZ 10 PONIENTE No. 1711, PUEBLA, PUE.&quot;  COLECCI\u00d3N CARABELA.  Impreso en M\u00e9xico.  292 p\u00e1ginas\" \/>\n<meta property=\"og:url\" content=\"https:\/\/antiqua.mx\/en\/product\/rejano-juan-la-esfinge-mestiza-cronica-menor-de-mexico\/\" \/>\n<meta property=\"article:modified_time\" content=\"2025-08-14T21:40:21+00:00\" \/>\n<meta property=\"og:image\" content=\"https:\/\/antiqua.mx\/wp-content\/uploads\/2022\/03\/62F11092-BAAA-4B77-BE4B-D70F9EBDB293-scaled.jpeg\" \/>\n\t<meta property=\"og:image:width\" content=\"1920\" \/>\n\t<meta property=\"og:image:height\" content=\"2560\" \/>\n\t<meta property=\"og:image:type\" content=\"image\/jpeg\" \/>\n<meta name=\"twitter:card\" content=\"summary_large_image\" \/>\n<script type=\"application\/ld+json\" class=\"yoast-schema-graph\">{\"@context\":\"https:\/\/schema.org\",\"@graph\":[{\"@type\":\"WebPage\",\"@id\":\"https:\/\/antiqua.mx\/producto\/rejano-juan-la-esfinge-mestiza-cronica-menor-de-mexico\/\",\"url\":\"https:\/\/antiqua.mx\/producto\/rejano-juan-la-esfinge-mestiza-cronica-menor-de-mexico\/\",\"name\":\"REJANO JUAN. LA ESFINGE MESTIZA. CR\u00d3NICA MENOR DE M\u00c9XICO -\",\"isPartOf\":{\"@id\":\"https:\/\/antiqua.mx\/en\/#website\"},\"primaryImageOfPage\":{\"@id\":\"https:\/\/antiqua.mx\/producto\/rejano-juan-la-esfinge-mestiza-cronica-menor-de-mexico\/#primaryimage\"},\"image\":{\"@id\":\"https:\/\/antiqua.mx\/producto\/rejano-juan-la-esfinge-mestiza-cronica-menor-de-mexico\/#primaryimage\"},\"thumbnailUrl\":\"https:\/\/antiqua.mx\/wp-content\/uploads\/2022\/03\/62F11092-BAAA-4B77-BE4B-D70F9EBDB293-scaled.jpeg\",\"datePublished\":\"2022-03-10T00:33:40+00:00\",\"dateModified\":\"2025-08-14T21:40:21+00:00\",\"breadcrumb\":{\"@id\":\"https:\/\/antiqua.mx\/producto\/rejano-juan-la-esfinge-mestiza-cronica-menor-de-mexico\/#breadcrumb\"},\"inLanguage\":\"en-US\",\"potentialAction\":[{\"@type\":\"ReadAction\",\"target\":[\"https:\/\/antiqua.mx\/producto\/rejano-juan-la-esfinge-mestiza-cronica-menor-de-mexico\/\"]}]},{\"@type\":\"ImageObject\",\"inLanguage\":\"en-US\",\"@id\":\"https:\/\/antiqua.mx\/producto\/rejano-juan-la-esfinge-mestiza-cronica-menor-de-mexico\/#primaryimage\",\"url\":\"https:\/\/antiqua.mx\/wp-content\/uploads\/2022\/03\/62F11092-BAAA-4B77-BE4B-D70F9EBDB293-scaled.jpeg\",\"contentUrl\":\"https:\/\/antiqua.mx\/wp-content\/uploads\/2022\/03\/62F11092-BAAA-4B77-BE4B-D70F9EBDB293-scaled.jpeg\",\"width\":1920,\"height\":2560},{\"@type\":\"BreadcrumbList\",\"@id\":\"https:\/\/antiqua.mx\/producto\/rejano-juan-la-esfinge-mestiza-cronica-menor-de-mexico\/#breadcrumb\",\"itemListElement\":[{\"@type\":\"ListItem\",\"position\":1,\"name\":\"Portada\",\"item\":\"https:\/\/antiqua.mx\/en\/\"},{\"@type\":\"ListItem\",\"position\":2,\"name\":\"Tienda\",\"item\":\"https:\/\/antiqua.mx\/tienda\/\"},{\"@type\":\"ListItem\",\"position\":3,\"name\":\"REJANO JUAN. LA ESFINGE MESTIZA. CR\u00d3NICA MENOR DE M\u00c9XICO\"}]},{\"@type\":\"WebSite\",\"@id\":\"https:\/\/antiqua.mx\/en\/#website\",\"url\":\"https:\/\/antiqua.mx\/en\/\",\"name\":\"\",\"description\":\"\",\"potentialAction\":[{\"@type\":\"SearchAction\",\"target\":{\"@type\":\"EntryPoint\",\"urlTemplate\":\"https:\/\/antiqua.mx\/en\/?s={search_term_string}\"},\"query-input\":{\"@type\":\"PropertyValueSpecification\",\"valueRequired\":true,\"valueName\":\"search_term_string\"}}],\"inLanguage\":\"en-US\"}]}<\/script>\n<!-- \/ Yoast SEO plugin. -->","yoast_head_json":{"title":"REJANO JUAN. LA ESFINGE MESTIZA. CR\u00d3NICA MENOR DE M\u00c9XICO -","robots":{"index":"index","follow":"follow","max-snippet":"max-snippet:-1","max-image-preview":"max-image-preview:large","max-video-preview":"max-video-preview:-1"},"canonical":"https:\/\/antiqua.mx\/en\/product\/rejano-juan-la-esfinge-mestiza-cronica-menor-de-mexico\/","og_locale":"en_US","og_type":"article","og_title":"REJANO JUAN. LA ESFINGE MESTIZA. CR\u00d3NICA MENOR DE M\u00c9XICO -","og_description":"Editorial: LEYENDA, S. A.  A\u00f1o 1945  R\u00fastico, en buenas condiciones. Las orillas del empastado est\u00e1n manchadas y en la parte inferior tiene la clasificaci\u00f3n de biblioteca.  El ejemplar est\u00e1 intonso.  Portada e ilustraciones de Miguel Prieto.  La obra tiene sellos del\u00a0 \"ASPIRANTADO JUAN PONCE DE LE\u00d3N BIBLIOTECA: DR. CARLOS FUENTES GUTI\u00c9RREZ 10 PONIENTE No. 1711, PUEBLA, PUE.\"  COLECCI\u00d3N CARABELA.  Impreso en M\u00e9xico.  292 p\u00e1ginas","og_url":"https:\/\/antiqua.mx\/en\/product\/rejano-juan-la-esfinge-mestiza-cronica-menor-de-mexico\/","article_modified_time":"2025-08-14T21:40:21+00:00","og_image":[{"width":1920,"height":2560,"url":"https:\/\/antiqua.mx\/wp-content\/uploads\/2022\/03\/62F11092-BAAA-4B77-BE4B-D70F9EBDB293-scaled.jpeg","type":"image\/jpeg"}],"twitter_card":"summary_large_image","schema":{"@context":"https:\/\/schema.org","@graph":[{"@type":"WebPage","@id":"https:\/\/antiqua.mx\/producto\/rejano-juan-la-esfinge-mestiza-cronica-menor-de-mexico\/","url":"https:\/\/antiqua.mx\/producto\/rejano-juan-la-esfinge-mestiza-cronica-menor-de-mexico\/","name":"REJANO JUAN. LA ESFINGE MESTIZA. CR\u00d3NICA MENOR DE M\u00c9XICO -","isPartOf":{"@id":"https:\/\/antiqua.mx\/en\/#website"},"primaryImageOfPage":{"@id":"https:\/\/antiqua.mx\/producto\/rejano-juan-la-esfinge-mestiza-cronica-menor-de-mexico\/#primaryimage"},"image":{"@id":"https:\/\/antiqua.mx\/producto\/rejano-juan-la-esfinge-mestiza-cronica-menor-de-mexico\/#primaryimage"},"thumbnailUrl":"https:\/\/antiqua.mx\/wp-content\/uploads\/2022\/03\/62F11092-BAAA-4B77-BE4B-D70F9EBDB293-scaled.jpeg","datePublished":"2022-03-10T00:33:40+00:00","dateModified":"2025-08-14T21:40:21+00:00","breadcrumb":{"@id":"https:\/\/antiqua.mx\/producto\/rejano-juan-la-esfinge-mestiza-cronica-menor-de-mexico\/#breadcrumb"},"inLanguage":"en-US","potentialAction":[{"@type":"ReadAction","target":["https:\/\/antiqua.mx\/producto\/rejano-juan-la-esfinge-mestiza-cronica-menor-de-mexico\/"]}]},{"@type":"ImageObject","inLanguage":"en-US","@id":"https:\/\/antiqua.mx\/producto\/rejano-juan-la-esfinge-mestiza-cronica-menor-de-mexico\/#primaryimage","url":"https:\/\/antiqua.mx\/wp-content\/uploads\/2022\/03\/62F11092-BAAA-4B77-BE4B-D70F9EBDB293-scaled.jpeg","contentUrl":"https:\/\/antiqua.mx\/wp-content\/uploads\/2022\/03\/62F11092-BAAA-4B77-BE4B-D70F9EBDB293-scaled.jpeg","width":1920,"height":2560},{"@type":"BreadcrumbList","@id":"https:\/\/antiqua.mx\/producto\/rejano-juan-la-esfinge-mestiza-cronica-menor-de-mexico\/#breadcrumb","itemListElement":[{"@type":"ListItem","position":1,"name":"Portada","item":"https:\/\/antiqua.mx\/en\/"},{"@type":"ListItem","position":2,"name":"Tienda","item":"https:\/\/antiqua.mx\/tienda\/"},{"@type":"ListItem","position":3,"name":"REJANO JUAN. LA ESFINGE MESTIZA. CR\u00d3NICA MENOR DE M\u00c9XICO"}]},{"@type":"WebSite","@id":"https:\/\/antiqua.mx\/en\/#website","url":"https:\/\/antiqua.mx\/en\/","name":"","description":"","potentialAction":[{"@type":"SearchAction","target":{"@type":"EntryPoint","urlTemplate":"https:\/\/antiqua.mx\/en\/?s={search_term_string}"},"query-input":{"@type":"PropertyValueSpecification","valueRequired":true,"valueName":"search_term_string"}}],"inLanguage":"en-US"}]}},"jetpack_sharing_enabled":true,"_links":{"self":[{"href":"https:\/\/antiqua.mx\/en\/wp-json\/wp\/v2\/product\/13004","targetHints":{"allow":["GET"]}}],"collection":[{"href":"https:\/\/antiqua.mx\/en\/wp-json\/wp\/v2\/product"}],"about":[{"href":"https:\/\/antiqua.mx\/en\/wp-json\/wp\/v2\/types\/product"}],"replies":[{"embeddable":true,"href":"https:\/\/antiqua.mx\/en\/wp-json\/wp\/v2\/comments?post=13004"}],"wp:featuredmedia":[{"embeddable":true,"href":"https:\/\/antiqua.mx\/en\/wp-json\/wp\/v2\/media\/13054"}],"wp:attachment":[{"href":"https:\/\/antiqua.mx\/en\/wp-json\/wp\/v2\/media?parent=13004"}],"wp:term":[{"taxonomy":"product_brand","embeddable":true,"href":"https:\/\/antiqua.mx\/en\/wp-json\/wp\/v2\/product_brand?post=13004"},{"taxonomy":"product_cat","embeddable":true,"href":"https:\/\/antiqua.mx\/en\/wp-json\/wp\/v2\/product_cat?post=13004"},{"taxonomy":"product_tag","embeddable":true,"href":"https:\/\/antiqua.mx\/en\/wp-json\/wp\/v2\/product_tag?post=13004"}],"curies":[{"name":"wp","href":"https:\/\/api.w.org\/{rel}","templated":true}]}}

REJANO JUAN. LA ESFINGE MESTIZA. CRÓNICA MENOR DE MÉXICO

<p><strong>Rejano Juan</strong></p>
<p>Editorial: LEYENDA, S. A.</p>
<p>Año 1945</p>
<p>Rústico, en buenas condiciones. Las orillas del empastado están manchadas y en la parte inferior tiene la clasificación de biblioteca.</p>
<p>El ejemplar está intonso.</p>
<p>Portada e ilustraciones de Miguel Prieto.</p>
<p class="p1">La obra tiene sellos del  &#8220;ASPIRANTADO JUAN PONCE DE LEÓN BIBLIOTECA: DR. CARLOS FUENTES GUTIÉRREZ 10 PONIENTE No. 1711, PUEBLA, PUE.&#8221;</p>
<p><strong>COLECCIÓN CARABELA.</strong></p>
<p>Impreso en México.</p>
<p>292 páginas</p>

<ul>
<li>Editorial: LEYENDA, S. A.</li>
<li>Año 1945</li>
<li>Rústico, en buenas condiciones. Las orillas del empastado están manchadas y en la parte inferior tiene la clasificación de biblioteca.</li>
<li>El ejemplar está intonso.</li>
<li>Portada e ilustraciones de Miguel Prieto.</li>
<li class="p1">La obra tiene sellos del  &#8220;ASPIRANTADO JUAN PONCE DE LEÓN BIBLIOTECA: DR. CARLOS FUENTES GUTIÉRREZ 10 PONIENTE No. 1711, PUEBLA, PUE.&#8221;</li>
<li><strong>COLECCIÓN CARABELA.</strong></li>
<li>Impreso en México.</li>
<li>292 páginas</li>
</ul>

<!-- This site is optimized with the Yoast SEO plugin v26.1.1 - https://yoast.com/wordpress/plugins/seo/ -->
<title>REJANO JUAN. LA ESFINGE MESTIZA. CRÓNICA MENOR DE MÉXICO -</title>
<meta name="robots" content="index, follow, max-snippet:-1, max-image-preview:large, max-video-preview:-1" />
<link rel="canonical" href="https://antiqua.mx/en/product/rejano-juan-la-esfinge-mestiza-cronica-menor-de-mexico/" />
<meta property="og:locale" content="en_US" />
<meta property="og:type" content="article" />
<meta property="og:title" content="REJANO JUAN. LA ESFINGE MESTIZA. CRÓNICA MENOR DE MÉXICO -" />
<meta property="og:description" content="Editorial: LEYENDA, S. A.  Año 1945  Rústico, en buenas condiciones. Las orillas del empastado están manchadas y en la parte inferior tiene la clasificación de biblioteca.  El ejemplar está intonso.  Portada e ilustraciones de Miguel Prieto.  La obra tiene sellos del  &quot;ASPIRANTADO JUAN PONCE DE LEÓN BIBLIOTECA: DR. CARLOS FUENTES GUTIÉRREZ 10 PONIENTE No. 1711, PUEBLA, PUE.&quot;  COLECCIÓN CARABELA.  Impreso en México.  292 páginas" />
<meta property="og:url" content="https://antiqua.mx/en/product/rejano-juan-la-esfinge-mestiza-cronica-menor-de-mexico/" />
<meta property="article:modified_time" content="2025-08-14T21:40:21+00:00" />
<meta property="og:image" content="https://antiqua.mx/wp-content/uploads/2022/03/62F11092-BAAA-4B77-BE4B-D70F9EBDB293-scaled.jpeg" />
	<meta property="og:image:width" content="1920" />
	<meta property="og:image:height" content="2560" />
	<meta property="og:image:type" content="image/jpeg" />
<meta name="twitter:card" content="summary_large_image" />
<script type="application/ld+json" class="yoast-schema-graph">{"@context":"https://schema.org","@graph":[{"@type":"WebPage","@id":"https://antiqua.mx/producto/rejano-juan-la-esfinge-mestiza-cronica-menor-de-mexico/","url":"https://antiqua.mx/producto/rejano-juan-la-esfinge-mestiza-cronica-menor-de-mexico/","name":"REJANO JUAN. LA ESFINGE MESTIZA. CRÓNICA MENOR DE MÉXICO -","isPartOf":{"@id":"https://antiqua.mx/en/#website"},"primaryImageOfPage":{"@id":"https://antiqua.mx/producto/rejano-juan-la-esfinge-mestiza-cronica-menor-de-mexico/#primaryimage"},"image":{"@id":"https://antiqua.mx/producto/rejano-juan-la-esfinge-mestiza-cronica-menor-de-mexico/#primaryimage"},"thumbnailUrl":"https://antiqua.mx/wp-content/uploads/2022/03/62F11092-BAAA-4B77-BE4B-D70F9EBDB293-scaled.jpeg","datePublished":"2022-03-10T00:33:40+00:00","dateModified":"2025-08-14T21:40:21+00:00","breadcrumb":{"@id":"https://antiqua.mx/producto/rejano-juan-la-esfinge-mestiza-cronica-menor-de-mexico/#breadcrumb"},"inLanguage":"en-US","potentialAction":[{"@type":"ReadAction","target":["https://antiqua.mx/producto/rejano-juan-la-esfinge-mestiza-cronica-menor-de-mexico/"]}]},{"@type":"ImageObject","inLanguage":"en-US","@id":"https://antiqua.mx/producto/rejano-juan-la-esfinge-mestiza-cronica-menor-de-mexico/#primaryimage","url":"https://antiqua.mx/wp-content/uploads/2022/03/62F11092-BAAA-4B77-BE4B-D70F9EBDB293-scaled.jpeg","contentUrl":"https://antiqua.mx/wp-content/uploads/2022/03/62F11092-BAAA-4B77-BE4B-D70F9EBDB293-scaled.jpeg","width":1920,"height":2560},{"@type":"BreadcrumbList","@id":"https://antiqua.mx/producto/rejano-juan-la-esfinge-mestiza-cronica-menor-de-mexico/#breadcrumb","itemListElement":[{"@type":"ListItem","position":1,"name":"Portada","item":"https://antiqua.mx/en/"},{"@type":"ListItem","position":2,"name":"Tienda","item":"https://antiqua.mx/tienda/"},{"@type":"ListItem","position":3,"name":"REJANO JUAN. LA ESFINGE MESTIZA. CRÓNICA MENOR DE MÉXICO"}]},{"@type":"WebSite","@id":"https://antiqua.mx/en/#website","url":"https://antiqua.mx/en/","name":"","description":"","potentialAction":[{"@type":"SearchAction","target":{"@type":"EntryPoint","urlTemplate":"https://antiqua.mx/en/?s={search_term_string}"},"query-input":{"@type":"PropertyValueSpecification","valueRequired":true,"valueName":"search_term_string"}}],"inLanguage":"en-US"}]}</script>
<!-- / Yoast SEO plugin. -->

REJANO JUAN. LA ESFINGE MESTIZA. CRÓNICA MENOR DE MÉXICO -

Editorial: LEYENDA, S. A.  Año 1945  Rústico, en buenas condiciones. Las orillas del empastado están manchadas y en la parte inferior tiene la clasificación de biblioteca.  El ejemplar está intonso.  Portada e ilustraciones de Miguel Prieto.  La obra tiene sellos del  "ASPIRANTADO JUAN PONCE DE LEÓN BIBLIOTECA: DR. CARLOS FUENTES GUTIÉRREZ 10 PONIENTE No. 1711, PUEBLA, PUE."  COLECCIÓN CARABELA.  Impreso en México.  292 páginas
