{"id":3438,"date":"2021-01-21T00:56:52","date_gmt":"2021-01-21T00:56:52","guid":{"rendered":"https:\/\/antiqua.mx\/?post_type=product&#038;p=3438"},"modified":"2022-08-03T20:56:11","modified_gmt":"2022-08-03T20:56:11","slug":"gomez-farias-carmen-dehesa-cauce-del-tiempo","status":"publish","type":"product","link":"https:\/\/antiqua.mx\/en\/product\/gomez-farias-carmen-dehesa-cauce-del-tiempo\/","title":{"rendered":"G\u00d3MEZ FAR\u00cdAS CARMEN DEHESA. CAUCE DEL TIEMPO"},"content":{"rendered":"<p><strong>G\u00f3mez Far\u00edas Carmen Dehesa<\/strong><\/p>\n<p>Editorial: Editora del Gobierno del Estado de Veracruz<\/p>\n<p>A\u00f1o 1962<\/p>\n<p>R\u00fastico con camisa, en buenas condiciones. La parte superior de la camisa est\u00e1 maltratada.<\/p>\n<p>La portada y cubierta fueron dise\u00f1adas por el maestro Ram\u00f3n Alba de la Canal y las ilustraciones son de Guillermo Gadda.<\/p>\n<p>Fue un tiraje de 700 ejemplares.<\/p>\n<p>Impreso en M\u00e9xico.<\/p>\n<p>106 p\u00e1ginas<\/p>","protected":false},"excerpt":{"rendered":"<ul>\n<li>Editorial: Editora del Gobierno del Estado de Veracruz<\/li>\n<li>A\u00f1o 1962<\/li>\n<li>R\u00fastico con camisa, en buenas condiciones. La parte superior de la camisa est\u00e1 maltratada.<\/li>\n<li>La portada y cubierta fueron dise\u00f1adas por el maestro Ram\u00f3n Alba de la Canal y las ilustraciones son de Guillermo Gadda.<\/li>\n<li>Fue un tiraje de 700 ejemplares.<\/li>\n<li>Impreso en M\u00e9xico.<\/li>\n<li>106 p\u00e1ginas<\/li>\n<\/ul>","protected":false},"featured_media":0,"comment_status":"open","ping_status":"closed","template":"","meta":{"_joinchat":[]},"product_brand":[],"product_cat":[349,350,353,335,943,340],"product_tag":[900,899],"class_list":{"1":"product","2":"type-product","3":"status-publish","5":"product_cat-arte","6":"product_cat-arte-mexicano","7":"product_cat-estri","8":"product_cat-literatura","9":"product_cat-obra-plastica-mex","10":"product_cat-poesia","11":"product_tag-carmen-dehesa-gomez-farias","12":"product_tag-ramon-alba-de-la-canal","14":"first","15":"instock","16":"featured","17":"sold-individually","18":"taxable","19":"shipping-taxable","20":"purchasable","21":"product-type-simple"},"yoast_head":"<!-- This site is optimized with the Yoast SEO plugin v26.1.1 - https:\/\/yoast.com\/wordpress\/plugins\/seo\/ -->\n<title>G\u00d3MEZ FAR\u00cdAS CARMEN DEHESA. CAUCE DEL TIEMPO -<\/title>\n<meta name=\"robots\" content=\"index, follow, max-snippet:-1, max-image-preview:large, max-video-preview:-1\" \/>\n<link rel=\"canonical\" href=\"https:\/\/antiqua.mx\/en\/product\/gomez-farias-carmen-dehesa-cauce-del-tiempo\/\" \/>\n<meta property=\"og:locale\" content=\"en_US\" \/>\n<meta property=\"og:type\" content=\"article\" \/>\n<meta property=\"og:title\" content=\"G\u00d3MEZ FAR\u00cdAS CARMEN DEHESA. CAUCE DEL TIEMPO -\" \/>\n<meta property=\"og:description\" content=\"Editorial: Editora del Gobierno del Estado de Veracruz  A\u00f1o 1962  R\u00fastico con camisa, en buenas condiciones. La parte superior de la camisa est\u00e1 maltratada.  La portada y cubierta fueron dise\u00f1adas por el maestro Ram\u00f3n Alba de la Canal y las ilustraciones son de Guillermo Gadda.  Fue un tiraje de 700 ejemplares.  Impreso en M\u00e9xico.  106 p\u00e1ginas\" \/>\n<meta property=\"og:url\" content=\"https:\/\/antiqua.mx\/en\/product\/gomez-farias-carmen-dehesa-cauce-del-tiempo\/\" \/>\n<meta property=\"article:modified_time\" content=\"2022-08-03T20:56:11+00:00\" \/>\n<meta property=\"og:image\" content=\"https:\/\/antiqua.mx\/wp-content\/uploads\/2021\/01\/51614255-EA0D-497A-A183-66A437799084_1_105_c.jpeg\" \/>\n\t<meta property=\"og:image:width\" content=\"768\" \/>\n\t<meta property=\"og:image:height\" content=\"1024\" \/>\n\t<meta property=\"og:image:type\" content=\"image\/jpeg\" \/>\n<meta name=\"twitter:card\" content=\"summary_large_image\" \/>\n<script type=\"application\/ld+json\" class=\"yoast-schema-graph\">{\"@context\":\"https:\/\/schema.org\",\"@graph\":[{\"@type\":\"WebPage\",\"@id\":\"https:\/\/antiqua.mx\/producto\/gomez-farias-carmen-dehesa-cauce-del-tiempo\/\",\"url\":\"https:\/\/antiqua.mx\/producto\/gomez-farias-carmen-dehesa-cauce-del-tiempo\/\",\"name\":\"G\u00d3MEZ FAR\u00cdAS CARMEN DEHESA. CAUCE DEL TIEMPO -\",\"isPartOf\":{\"@id\":\"https:\/\/antiqua.mx\/en\/#website\"},\"datePublished\":\"2021-01-21T00:56:52+00:00\",\"dateModified\":\"2022-08-03T20:56:11+00:00\",\"breadcrumb\":{\"@id\":\"https:\/\/antiqua.mx\/producto\/gomez-farias-carmen-dehesa-cauce-del-tiempo\/#breadcrumb\"},\"inLanguage\":\"en-US\",\"potentialAction\":[{\"@type\":\"ReadAction\",\"target\":[\"https:\/\/antiqua.mx\/producto\/gomez-farias-carmen-dehesa-cauce-del-tiempo\/\"]}]},{\"@type\":\"BreadcrumbList\",\"@id\":\"https:\/\/antiqua.mx\/producto\/gomez-farias-carmen-dehesa-cauce-del-tiempo\/#breadcrumb\",\"itemListElement\":[{\"@type\":\"ListItem\",\"position\":1,\"name\":\"Portada\",\"item\":\"https:\/\/antiqua.mx\/en\/\"},{\"@type\":\"ListItem\",\"position\":2,\"name\":\"Tienda\",\"item\":\"https:\/\/antiqua.mx\/tienda\/\"},{\"@type\":\"ListItem\",\"position\":3,\"name\":\"G\u00d3MEZ FAR\u00cdAS CARMEN DEHESA. CAUCE DEL TIEMPO\"}]},{\"@type\":\"WebSite\",\"@id\":\"https:\/\/antiqua.mx\/en\/#website\",\"url\":\"https:\/\/antiqua.mx\/en\/\",\"name\":\"\",\"description\":\"\",\"potentialAction\":[{\"@type\":\"SearchAction\",\"target\":{\"@type\":\"EntryPoint\",\"urlTemplate\":\"https:\/\/antiqua.mx\/en\/?s={search_term_string}\"},\"query-input\":{\"@type\":\"PropertyValueSpecification\",\"valueRequired\":true,\"valueName\":\"search_term_string\"}}],\"inLanguage\":\"en-US\"}]}<\/script>\n<!-- \/ Yoast SEO plugin. -->","yoast_head_json":{"title":"G\u00d3MEZ FAR\u00cdAS CARMEN DEHESA. CAUCE DEL TIEMPO -","robots":{"index":"index","follow":"follow","max-snippet":"max-snippet:-1","max-image-preview":"max-image-preview:large","max-video-preview":"max-video-preview:-1"},"canonical":"https:\/\/antiqua.mx\/en\/product\/gomez-farias-carmen-dehesa-cauce-del-tiempo\/","og_locale":"en_US","og_type":"article","og_title":"G\u00d3MEZ FAR\u00cdAS CARMEN DEHESA. CAUCE DEL TIEMPO -","og_description":"Editorial: Editora del Gobierno del Estado de Veracruz  A\u00f1o 1962  R\u00fastico con camisa, en buenas condiciones. La parte superior de la camisa est\u00e1 maltratada.  La portada y cubierta fueron dise\u00f1adas por el maestro Ram\u00f3n Alba de la Canal y las ilustraciones son de Guillermo Gadda.  Fue un tiraje de 700 ejemplares.  Impreso en M\u00e9xico.  106 p\u00e1ginas","og_url":"https:\/\/antiqua.mx\/en\/product\/gomez-farias-carmen-dehesa-cauce-del-tiempo\/","article_modified_time":"2022-08-03T20:56:11+00:00","og_image":[{"width":768,"height":1024,"url":"https:\/\/antiqua.mx\/wp-content\/uploads\/2021\/01\/51614255-EA0D-497A-A183-66A437799084_1_105_c.jpeg","type":"image\/jpeg"}],"twitter_card":"summary_large_image","schema":{"@context":"https:\/\/schema.org","@graph":[{"@type":"WebPage","@id":"https:\/\/antiqua.mx\/producto\/gomez-farias-carmen-dehesa-cauce-del-tiempo\/","url":"https:\/\/antiqua.mx\/producto\/gomez-farias-carmen-dehesa-cauce-del-tiempo\/","name":"G\u00d3MEZ FAR\u00cdAS CARMEN DEHESA. CAUCE DEL TIEMPO -","isPartOf":{"@id":"https:\/\/antiqua.mx\/en\/#website"},"datePublished":"2021-01-21T00:56:52+00:00","dateModified":"2022-08-03T20:56:11+00:00","breadcrumb":{"@id":"https:\/\/antiqua.mx\/producto\/gomez-farias-carmen-dehesa-cauce-del-tiempo\/#breadcrumb"},"inLanguage":"en-US","potentialAction":[{"@type":"ReadAction","target":["https:\/\/antiqua.mx\/producto\/gomez-farias-carmen-dehesa-cauce-del-tiempo\/"]}]},{"@type":"BreadcrumbList","@id":"https:\/\/antiqua.mx\/producto\/gomez-farias-carmen-dehesa-cauce-del-tiempo\/#breadcrumb","itemListElement":[{"@type":"ListItem","position":1,"name":"Portada","item":"https:\/\/antiqua.mx\/en\/"},{"@type":"ListItem","position":2,"name":"Tienda","item":"https:\/\/antiqua.mx\/tienda\/"},{"@type":"ListItem","position":3,"name":"G\u00d3MEZ FAR\u00cdAS CARMEN DEHESA. CAUCE DEL TIEMPO"}]},{"@type":"WebSite","@id":"https:\/\/antiqua.mx\/en\/#website","url":"https:\/\/antiqua.mx\/en\/","name":"","description":"","potentialAction":[{"@type":"SearchAction","target":{"@type":"EntryPoint","urlTemplate":"https:\/\/antiqua.mx\/en\/?s={search_term_string}"},"query-input":{"@type":"PropertyValueSpecification","valueRequired":true,"valueName":"search_term_string"}}],"inLanguage":"en-US"}]}},"jetpack_sharing_enabled":true,"_links":{"self":[{"href":"https:\/\/antiqua.mx\/en\/wp-json\/wp\/v2\/product\/3438","targetHints":{"allow":["GET"]}}],"collection":[{"href":"https:\/\/antiqua.mx\/en\/wp-json\/wp\/v2\/product"}],"about":[{"href":"https:\/\/antiqua.mx\/en\/wp-json\/wp\/v2\/types\/product"}],"replies":[{"embeddable":true,"href":"https:\/\/antiqua.mx\/en\/wp-json\/wp\/v2\/comments?post=3438"}],"wp:attachment":[{"href":"https:\/\/antiqua.mx\/en\/wp-json\/wp\/v2\/media?parent=3438"}],"wp:term":[{"taxonomy":"product_brand","embeddable":true,"href":"https:\/\/antiqua.mx\/en\/wp-json\/wp\/v2\/product_brand?post=3438"},{"taxonomy":"product_cat","embeddable":true,"href":"https:\/\/antiqua.mx\/en\/wp-json\/wp\/v2\/product_cat?post=3438"},{"taxonomy":"product_tag","embeddable":true,"href":"https:\/\/antiqua.mx\/en\/wp-json\/wp\/v2\/product_tag?post=3438"}],"curies":[{"name":"wp","href":"https:\/\/api.w.org\/{rel}","templated":true}]}}

GÓMEZ FARÍAS CARMEN DEHESA. CAUCE DEL TIEMPO

<p><strong>Gómez Farías Carmen Dehesa</strong></p>
<p>Editorial: Editora del Gobierno del Estado de Veracruz</p>
<p>Año 1962</p>
<p>Rústico con camisa, en buenas condiciones. La parte superior de la camisa está maltratada.</p>
<p>La portada y cubierta fueron diseñadas por el maestro Ramón Alba de la Canal y las ilustraciones son de Guillermo Gadda.</p>
<p>Fue un tiraje de 700 ejemplares.</p>
<p>Impreso en México.</p>
<p>106 páginas</p>

<ul>
<li>Editorial: Editora del Gobierno del Estado de Veracruz</li>
<li>Año 1962</li>
<li>Rústico con camisa, en buenas condiciones. La parte superior de la camisa está maltratada.</li>
<li>La portada y cubierta fueron diseñadas por el maestro Ramón Alba de la Canal y las ilustraciones son de Guillermo Gadda.</li>
<li>Fue un tiraje de 700 ejemplares.</li>
<li>Impreso en México.</li>
<li>106 páginas</li>
</ul>

<!-- This site is optimized with the Yoast SEO plugin v26.1.1 - https://yoast.com/wordpress/plugins/seo/ -->
<title>GÓMEZ FARÍAS CARMEN DEHESA. CAUCE DEL TIEMPO -</title>
<meta name="robots" content="index, follow, max-snippet:-1, max-image-preview:large, max-video-preview:-1" />
<link rel="canonical" href="https://antiqua.mx/en/product/gomez-farias-carmen-dehesa-cauce-del-tiempo/" />
<meta property="og:locale" content="en_US" />
<meta property="og:type" content="article" />
<meta property="og:title" content="GÓMEZ FARÍAS CARMEN DEHESA. CAUCE DEL TIEMPO -" />
<meta property="og:description" content="Editorial: Editora del Gobierno del Estado de Veracruz  Año 1962  Rústico con camisa, en buenas condiciones. La parte superior de la camisa está maltratada.  La portada y cubierta fueron diseñadas por el maestro Ramón Alba de la Canal y las ilustraciones son de Guillermo Gadda.  Fue un tiraje de 700 ejemplares.  Impreso en México.  106 páginas" />
<meta property="og:url" content="https://antiqua.mx/en/product/gomez-farias-carmen-dehesa-cauce-del-tiempo/" />
<meta property="article:modified_time" content="2022-08-03T20:56:11+00:00" />
<meta property="og:image" content="https://antiqua.mx/wp-content/uploads/2021/01/51614255-EA0D-497A-A183-66A437799084_1_105_c.jpeg" />
	<meta property="og:image:width" content="768" />
	<meta property="og:image:height" content="1024" />
	<meta property="og:image:type" content="image/jpeg" />
<meta name="twitter:card" content="summary_large_image" />
<script type="application/ld+json" class="yoast-schema-graph">{"@context":"https://schema.org","@graph":[{"@type":"WebPage","@id":"https://antiqua.mx/producto/gomez-farias-carmen-dehesa-cauce-del-tiempo/","url":"https://antiqua.mx/producto/gomez-farias-carmen-dehesa-cauce-del-tiempo/","name":"GÓMEZ FARÍAS CARMEN DEHESA. CAUCE DEL TIEMPO -","isPartOf":{"@id":"https://antiqua.mx/en/#website"},"datePublished":"2021-01-21T00:56:52+00:00","dateModified":"2022-08-03T20:56:11+00:00","breadcrumb":{"@id":"https://antiqua.mx/producto/gomez-farias-carmen-dehesa-cauce-del-tiempo/#breadcrumb"},"inLanguage":"en-US","potentialAction":[{"@type":"ReadAction","target":["https://antiqua.mx/producto/gomez-farias-carmen-dehesa-cauce-del-tiempo/"]}]},{"@type":"BreadcrumbList","@id":"https://antiqua.mx/producto/gomez-farias-carmen-dehesa-cauce-del-tiempo/#breadcrumb","itemListElement":[{"@type":"ListItem","position":1,"name":"Portada","item":"https://antiqua.mx/en/"},{"@type":"ListItem","position":2,"name":"Tienda","item":"https://antiqua.mx/tienda/"},{"@type":"ListItem","position":3,"name":"GÓMEZ FARÍAS CARMEN DEHESA. CAUCE DEL TIEMPO"}]},{"@type":"WebSite","@id":"https://antiqua.mx/en/#website","url":"https://antiqua.mx/en/","name":"","description":"","potentialAction":[{"@type":"SearchAction","target":{"@type":"EntryPoint","urlTemplate":"https://antiqua.mx/en/?s={search_term_string}"},"query-input":{"@type":"PropertyValueSpecification","valueRequired":true,"valueName":"search_term_string"}}],"inLanguage":"en-US"}]}</script>
<!-- / Yoast SEO plugin. -->

GÓMEZ FARÍAS CARMEN DEHESA. CAUCE DEL TIEMPO -

Editorial: Editora del Gobierno del Estado de Veracruz  Año 1962  Rústico con camisa, en buenas condiciones. La parte superior de la camisa está maltratada.  La portada y cubierta fueron diseñadas por el maestro Ramón Alba de la Canal y las ilustraciones son de Guillermo Gadda.  Fue un tiraje de 700 ejemplares.  Impreso en México.  106 páginas
