{"id":8066,"date":"2021-08-26T21:11:43","date_gmt":"2021-08-26T21:11:43","guid":{"rendered":"https:\/\/antiqua.mx\/?post_type=product&#038;p=8066"},"modified":"2021-08-29T17:37:34","modified_gmt":"2021-08-29T17:37:34","slug":"siqueiros-david-alfaro-la-tracala-mi-replica-a-un-gobierno-fiscal-juez","status":"publish","type":"product","link":"https:\/\/antiqua.mx\/en\/product\/siqueiros-david-alfaro-la-tracala-mi-replica-a-un-gobierno-fiscal-juez\/","title":{"rendered":"SIQUEIROS DAVID ALFARO. LA TR\u00c1CALA. MI R\u00c9PLICA A UN GOBIERNO FISCAL &#8211; JUEZ"},"content":{"rendered":"<p><strong>Siqueiros David Alfaro<\/strong><\/p>\n<p>A\u00f1o 1962<\/p>\n<p>R\u00fastico, en muy buenas condiciones. El empastado est\u00e1 un poquito maltratado.<\/p>\n<p>Representa s\u00f3lo la edici\u00f3n inicial de una serie de tres tomos.<\/p>\n<p>Impreso en M\u00e9xico.<\/p>\n<p>78 p\u00e1ginas<\/p>","protected":false},"excerpt":{"rendered":"<ul>\n<li>A\u00f1o 1962<\/li>\n<li>R\u00fastico, en muy buenas condiciones. El empastado est\u00e1 un poquito maltratado.<\/li>\n<li>Representa s\u00f3lo la edici\u00f3n inicial de una serie de tres tomos.<\/li>\n<li>Impreso en M\u00e9xico.<\/li>\n<li>78 p\u00e1ginas<\/li>\n<\/ul>","protected":false},"featured_media":8275,"comment_status":"open","ping_status":"closed","template":"","meta":{"_joinchat":[]},"product_brand":[],"product_cat":[349,350,944],"product_tag":[952],"class_list":{"0":"post-8066","1":"product","2":"type-product","3":"status-publish","6":"product_cat-arte","7":"product_cat-arte-mexicano","8":"product_cat-biografias-artmex","9":"product_tag-david-alfaro-siqueiros","11":"first","12":"instock","13":"featured","14":"taxable","15":"shipping-taxable","16":"purchasable","17":"product-type-simple"},"yoast_head":"<!-- This site is optimized with the Yoast SEO plugin v26.1.1 - https:\/\/yoast.com\/wordpress\/plugins\/seo\/ -->\n<title>SIQUEIROS DAVID ALFARO. LA TR\u00c1CALA. MI R\u00c9PLICA A UN GOBIERNO FISCAL - JUEZ -<\/title>\n<meta name=\"robots\" content=\"index, follow, max-snippet:-1, max-image-preview:large, max-video-preview:-1\" \/>\n<link rel=\"canonical\" href=\"https:\/\/antiqua.mx\/en\/product\/siqueiros-david-alfaro-la-tracala-mi-replica-a-un-gobierno-fiscal-juez\/\" \/>\n<meta property=\"og:locale\" content=\"en_US\" \/>\n<meta property=\"og:type\" content=\"article\" \/>\n<meta property=\"og:title\" content=\"SIQUEIROS DAVID ALFARO. LA TR\u00c1CALA. MI R\u00c9PLICA A UN GOBIERNO FISCAL - JUEZ -\" \/>\n<meta property=\"og:description\" content=\"A\u00f1o 1962  R\u00fastico, en muy buenas condiciones. El empastado est\u00e1 un poquito maltratado.  Representa s\u00f3lo la edici\u00f3n inicial de una serie de tres tomos.  Impreso en M\u00e9xico.  78 p\u00e1ginas\" \/>\n<meta property=\"og:url\" content=\"https:\/\/antiqua.mx\/en\/product\/siqueiros-david-alfaro-la-tracala-mi-replica-a-un-gobierno-fiscal-juez\/\" \/>\n<meta property=\"article:modified_time\" content=\"2021-08-29T17:37:34+00:00\" \/>\n<meta property=\"og:image\" content=\"https:\/\/antiqua.mx\/wp-content\/uploads\/2021\/08\/F0C4926A-4325-40C9-841B-D0BAEA7FC0C4-scaled.jpeg\" \/>\n\t<meta property=\"og:image:width\" content=\"1920\" \/>\n\t<meta property=\"og:image:height\" content=\"2560\" \/>\n\t<meta property=\"og:image:type\" content=\"image\/jpeg\" \/>\n<meta name=\"twitter:card\" content=\"summary_large_image\" \/>\n<script type=\"application\/ld+json\" class=\"yoast-schema-graph\">{\"@context\":\"https:\/\/schema.org\",\"@graph\":[{\"@type\":\"WebPage\",\"@id\":\"https:\/\/antiqua.mx\/producto\/siqueiros-david-alfaro-la-tracala-mi-replica-a-un-gobierno-fiscal-juez\/\",\"url\":\"https:\/\/antiqua.mx\/producto\/siqueiros-david-alfaro-la-tracala-mi-replica-a-un-gobierno-fiscal-juez\/\",\"name\":\"SIQUEIROS DAVID ALFARO. LA TR\u00c1CALA. MI R\u00c9PLICA A UN GOBIERNO FISCAL - JUEZ -\",\"isPartOf\":{\"@id\":\"https:\/\/antiqua.mx\/en\/#website\"},\"primaryImageOfPage\":{\"@id\":\"https:\/\/antiqua.mx\/producto\/siqueiros-david-alfaro-la-tracala-mi-replica-a-un-gobierno-fiscal-juez\/#primaryimage\"},\"image\":{\"@id\":\"https:\/\/antiqua.mx\/producto\/siqueiros-david-alfaro-la-tracala-mi-replica-a-un-gobierno-fiscal-juez\/#primaryimage\"},\"thumbnailUrl\":\"https:\/\/antiqua.mx\/wp-content\/uploads\/2021\/08\/F0C4926A-4325-40C9-841B-D0BAEA7FC0C4-scaled.jpeg\",\"datePublished\":\"2021-08-26T21:11:43+00:00\",\"dateModified\":\"2021-08-29T17:37:34+00:00\",\"breadcrumb\":{\"@id\":\"https:\/\/antiqua.mx\/producto\/siqueiros-david-alfaro-la-tracala-mi-replica-a-un-gobierno-fiscal-juez\/#breadcrumb\"},\"inLanguage\":\"en-US\",\"potentialAction\":[{\"@type\":\"ReadAction\",\"target\":[\"https:\/\/antiqua.mx\/producto\/siqueiros-david-alfaro-la-tracala-mi-replica-a-un-gobierno-fiscal-juez\/\"]}]},{\"@type\":\"ImageObject\",\"inLanguage\":\"en-US\",\"@id\":\"https:\/\/antiqua.mx\/producto\/siqueiros-david-alfaro-la-tracala-mi-replica-a-un-gobierno-fiscal-juez\/#primaryimage\",\"url\":\"https:\/\/antiqua.mx\/wp-content\/uploads\/2021\/08\/F0C4926A-4325-40C9-841B-D0BAEA7FC0C4-scaled.jpeg\",\"contentUrl\":\"https:\/\/antiqua.mx\/wp-content\/uploads\/2021\/08\/F0C4926A-4325-40C9-841B-D0BAEA7FC0C4-scaled.jpeg\",\"width\":1920,\"height\":2560},{\"@type\":\"BreadcrumbList\",\"@id\":\"https:\/\/antiqua.mx\/producto\/siqueiros-david-alfaro-la-tracala-mi-replica-a-un-gobierno-fiscal-juez\/#breadcrumb\",\"itemListElement\":[{\"@type\":\"ListItem\",\"position\":1,\"name\":\"Portada\",\"item\":\"https:\/\/antiqua.mx\/en\/\"},{\"@type\":\"ListItem\",\"position\":2,\"name\":\"Tienda\",\"item\":\"https:\/\/antiqua.mx\/tienda\/\"},{\"@type\":\"ListItem\",\"position\":3,\"name\":\"SIQUEIROS DAVID ALFARO. LA TR\u00c1CALA. MI R\u00c9PLICA A UN GOBIERNO FISCAL &#8211; JUEZ\"}]},{\"@type\":\"WebSite\",\"@id\":\"https:\/\/antiqua.mx\/en\/#website\",\"url\":\"https:\/\/antiqua.mx\/en\/\",\"name\":\"\",\"description\":\"\",\"potentialAction\":[{\"@type\":\"SearchAction\",\"target\":{\"@type\":\"EntryPoint\",\"urlTemplate\":\"https:\/\/antiqua.mx\/en\/?s={search_term_string}\"},\"query-input\":{\"@type\":\"PropertyValueSpecification\",\"valueRequired\":true,\"valueName\":\"search_term_string\"}}],\"inLanguage\":\"en-US\"}]}<\/script>\n<!-- \/ Yoast SEO plugin. -->","yoast_head_json":{"title":"SIQUEIROS DAVID ALFARO. LA TR\u00c1CALA. MI R\u00c9PLICA A UN GOBIERNO FISCAL - JUEZ -","robots":{"index":"index","follow":"follow","max-snippet":"max-snippet:-1","max-image-preview":"max-image-preview:large","max-video-preview":"max-video-preview:-1"},"canonical":"https:\/\/antiqua.mx\/en\/product\/siqueiros-david-alfaro-la-tracala-mi-replica-a-un-gobierno-fiscal-juez\/","og_locale":"en_US","og_type":"article","og_title":"SIQUEIROS DAVID ALFARO. LA TR\u00c1CALA. MI R\u00c9PLICA A UN GOBIERNO FISCAL - JUEZ -","og_description":"A\u00f1o 1962  R\u00fastico, en muy buenas condiciones. El empastado est\u00e1 un poquito maltratado.  Representa s\u00f3lo la edici\u00f3n inicial de una serie de tres tomos.  Impreso en M\u00e9xico.  78 p\u00e1ginas","og_url":"https:\/\/antiqua.mx\/en\/product\/siqueiros-david-alfaro-la-tracala-mi-replica-a-un-gobierno-fiscal-juez\/","article_modified_time":"2021-08-29T17:37:34+00:00","og_image":[{"width":1920,"height":2560,"url":"https:\/\/antiqua.mx\/wp-content\/uploads\/2021\/08\/F0C4926A-4325-40C9-841B-D0BAEA7FC0C4-scaled.jpeg","type":"image\/jpeg"}],"twitter_card":"summary_large_image","schema":{"@context":"https:\/\/schema.org","@graph":[{"@type":"WebPage","@id":"https:\/\/antiqua.mx\/producto\/siqueiros-david-alfaro-la-tracala-mi-replica-a-un-gobierno-fiscal-juez\/","url":"https:\/\/antiqua.mx\/producto\/siqueiros-david-alfaro-la-tracala-mi-replica-a-un-gobierno-fiscal-juez\/","name":"SIQUEIROS DAVID ALFARO. LA TR\u00c1CALA. MI R\u00c9PLICA A UN GOBIERNO FISCAL - JUEZ -","isPartOf":{"@id":"https:\/\/antiqua.mx\/en\/#website"},"primaryImageOfPage":{"@id":"https:\/\/antiqua.mx\/producto\/siqueiros-david-alfaro-la-tracala-mi-replica-a-un-gobierno-fiscal-juez\/#primaryimage"},"image":{"@id":"https:\/\/antiqua.mx\/producto\/siqueiros-david-alfaro-la-tracala-mi-replica-a-un-gobierno-fiscal-juez\/#primaryimage"},"thumbnailUrl":"https:\/\/antiqua.mx\/wp-content\/uploads\/2021\/08\/F0C4926A-4325-40C9-841B-D0BAEA7FC0C4-scaled.jpeg","datePublished":"2021-08-26T21:11:43+00:00","dateModified":"2021-08-29T17:37:34+00:00","breadcrumb":{"@id":"https:\/\/antiqua.mx\/producto\/siqueiros-david-alfaro-la-tracala-mi-replica-a-un-gobierno-fiscal-juez\/#breadcrumb"},"inLanguage":"en-US","potentialAction":[{"@type":"ReadAction","target":["https:\/\/antiqua.mx\/producto\/siqueiros-david-alfaro-la-tracala-mi-replica-a-un-gobierno-fiscal-juez\/"]}]},{"@type":"ImageObject","inLanguage":"en-US","@id":"https:\/\/antiqua.mx\/producto\/siqueiros-david-alfaro-la-tracala-mi-replica-a-un-gobierno-fiscal-juez\/#primaryimage","url":"https:\/\/antiqua.mx\/wp-content\/uploads\/2021\/08\/F0C4926A-4325-40C9-841B-D0BAEA7FC0C4-scaled.jpeg","contentUrl":"https:\/\/antiqua.mx\/wp-content\/uploads\/2021\/08\/F0C4926A-4325-40C9-841B-D0BAEA7FC0C4-scaled.jpeg","width":1920,"height":2560},{"@type":"BreadcrumbList","@id":"https:\/\/antiqua.mx\/producto\/siqueiros-david-alfaro-la-tracala-mi-replica-a-un-gobierno-fiscal-juez\/#breadcrumb","itemListElement":[{"@type":"ListItem","position":1,"name":"Portada","item":"https:\/\/antiqua.mx\/en\/"},{"@type":"ListItem","position":2,"name":"Tienda","item":"https:\/\/antiqua.mx\/tienda\/"},{"@type":"ListItem","position":3,"name":"SIQUEIROS DAVID ALFARO. LA TR\u00c1CALA. MI R\u00c9PLICA A UN GOBIERNO FISCAL &#8211; JUEZ"}]},{"@type":"WebSite","@id":"https:\/\/antiqua.mx\/en\/#website","url":"https:\/\/antiqua.mx\/en\/","name":"","description":"","potentialAction":[{"@type":"SearchAction","target":{"@type":"EntryPoint","urlTemplate":"https:\/\/antiqua.mx\/en\/?s={search_term_string}"},"query-input":{"@type":"PropertyValueSpecification","valueRequired":true,"valueName":"search_term_string"}}],"inLanguage":"en-US"}]}},"jetpack_sharing_enabled":true,"_links":{"self":[{"href":"https:\/\/antiqua.mx\/en\/wp-json\/wp\/v2\/product\/8066","targetHints":{"allow":["GET"]}}],"collection":[{"href":"https:\/\/antiqua.mx\/en\/wp-json\/wp\/v2\/product"}],"about":[{"href":"https:\/\/antiqua.mx\/en\/wp-json\/wp\/v2\/types\/product"}],"replies":[{"embeddable":true,"href":"https:\/\/antiqua.mx\/en\/wp-json\/wp\/v2\/comments?post=8066"}],"wp:featuredmedia":[{"embeddable":true,"href":"https:\/\/antiqua.mx\/en\/wp-json\/wp\/v2\/media\/8275"}],"wp:attachment":[{"href":"https:\/\/antiqua.mx\/en\/wp-json\/wp\/v2\/media?parent=8066"}],"wp:term":[{"taxonomy":"product_brand","embeddable":true,"href":"https:\/\/antiqua.mx\/en\/wp-json\/wp\/v2\/product_brand?post=8066"},{"taxonomy":"product_cat","embeddable":true,"href":"https:\/\/antiqua.mx\/en\/wp-json\/wp\/v2\/product_cat?post=8066"},{"taxonomy":"product_tag","embeddable":true,"href":"https:\/\/antiqua.mx\/en\/wp-json\/wp\/v2\/product_tag?post=8066"}],"curies":[{"name":"wp","href":"https:\/\/api.w.org\/{rel}","templated":true}]}}

SIQUEIROS DAVID ALFARO. LA TRÁCALA. MI RÉPLICA A UN GOBIERNO FISCAL &#8211; JUEZ

<p><strong>Siqueiros David Alfaro</strong></p>
<p>Año 1962</p>
<p>Rústico, en muy buenas condiciones. El empastado está un poquito maltratado.</p>
<p>Representa sólo la edición inicial de una serie de tres tomos.</p>
<p>Impreso en México.</p>
<p>78 páginas</p>

<ul>
<li>Año 1962</li>
<li>Rústico, en muy buenas condiciones. El empastado está un poquito maltratado.</li>
<li>Representa sólo la edición inicial de una serie de tres tomos.</li>
<li>Impreso en México.</li>
<li>78 páginas</li>
</ul>

<!-- This site is optimized with the Yoast SEO plugin v26.1.1 - https://yoast.com/wordpress/plugins/seo/ -->
<title>SIQUEIROS DAVID ALFARO. LA TRÁCALA. MI RÉPLICA A UN GOBIERNO FISCAL - JUEZ -</title>
<meta name="robots" content="index, follow, max-snippet:-1, max-image-preview:large, max-video-preview:-1" />
<link rel="canonical" href="https://antiqua.mx/en/product/siqueiros-david-alfaro-la-tracala-mi-replica-a-un-gobierno-fiscal-juez/" />
<meta property="og:locale" content="en_US" />
<meta property="og:type" content="article" />
<meta property="og:title" content="SIQUEIROS DAVID ALFARO. LA TRÁCALA. MI RÉPLICA A UN GOBIERNO FISCAL - JUEZ -" />
<meta property="og:description" content="Año 1962  Rústico, en muy buenas condiciones. El empastado está un poquito maltratado.  Representa sólo la edición inicial de una serie de tres tomos.  Impreso en México.  78 páginas" />
<meta property="og:url" content="https://antiqua.mx/en/product/siqueiros-david-alfaro-la-tracala-mi-replica-a-un-gobierno-fiscal-juez/" />
<meta property="article:modified_time" content="2021-08-29T17:37:34+00:00" />
<meta property="og:image" content="https://antiqua.mx/wp-content/uploads/2021/08/F0C4926A-4325-40C9-841B-D0BAEA7FC0C4-scaled.jpeg" />
	<meta property="og:image:width" content="1920" />
	<meta property="og:image:height" content="2560" />
	<meta property="og:image:type" content="image/jpeg" />
<meta name="twitter:card" content="summary_large_image" />
<script type="application/ld+json" class="yoast-schema-graph">{"@context":"https://schema.org","@graph":[{"@type":"WebPage","@id":"https://antiqua.mx/producto/siqueiros-david-alfaro-la-tracala-mi-replica-a-un-gobierno-fiscal-juez/","url":"https://antiqua.mx/producto/siqueiros-david-alfaro-la-tracala-mi-replica-a-un-gobierno-fiscal-juez/","name":"SIQUEIROS DAVID ALFARO. LA TRÁCALA. MI RÉPLICA A UN GOBIERNO FISCAL - JUEZ -","isPartOf":{"@id":"https://antiqua.mx/en/#website"},"primaryImageOfPage":{"@id":"https://antiqua.mx/producto/siqueiros-david-alfaro-la-tracala-mi-replica-a-un-gobierno-fiscal-juez/#primaryimage"},"image":{"@id":"https://antiqua.mx/producto/siqueiros-david-alfaro-la-tracala-mi-replica-a-un-gobierno-fiscal-juez/#primaryimage"},"thumbnailUrl":"https://antiqua.mx/wp-content/uploads/2021/08/F0C4926A-4325-40C9-841B-D0BAEA7FC0C4-scaled.jpeg","datePublished":"2021-08-26T21:11:43+00:00","dateModified":"2021-08-29T17:37:34+00:00","breadcrumb":{"@id":"https://antiqua.mx/producto/siqueiros-david-alfaro-la-tracala-mi-replica-a-un-gobierno-fiscal-juez/#breadcrumb"},"inLanguage":"en-US","potentialAction":[{"@type":"ReadAction","target":["https://antiqua.mx/producto/siqueiros-david-alfaro-la-tracala-mi-replica-a-un-gobierno-fiscal-juez/"]}]},{"@type":"ImageObject","inLanguage":"en-US","@id":"https://antiqua.mx/producto/siqueiros-david-alfaro-la-tracala-mi-replica-a-un-gobierno-fiscal-juez/#primaryimage","url":"https://antiqua.mx/wp-content/uploads/2021/08/F0C4926A-4325-40C9-841B-D0BAEA7FC0C4-scaled.jpeg","contentUrl":"https://antiqua.mx/wp-content/uploads/2021/08/F0C4926A-4325-40C9-841B-D0BAEA7FC0C4-scaled.jpeg","width":1920,"height":2560},{"@type":"BreadcrumbList","@id":"https://antiqua.mx/producto/siqueiros-david-alfaro-la-tracala-mi-replica-a-un-gobierno-fiscal-juez/#breadcrumb","itemListElement":[{"@type":"ListItem","position":1,"name":"Portada","item":"https://antiqua.mx/en/"},{"@type":"ListItem","position":2,"name":"Tienda","item":"https://antiqua.mx/tienda/"},{"@type":"ListItem","position":3,"name":"SIQUEIROS DAVID ALFARO. LA TRÁCALA. MI RÉPLICA A UN GOBIERNO FISCAL &#8211; JUEZ"}]},{"@type":"WebSite","@id":"https://antiqua.mx/en/#website","url":"https://antiqua.mx/en/","name":"","description":"","potentialAction":[{"@type":"SearchAction","target":{"@type":"EntryPoint","urlTemplate":"https://antiqua.mx/en/?s={search_term_string}"},"query-input":{"@type":"PropertyValueSpecification","valueRequired":true,"valueName":"search_term_string"}}],"inLanguage":"en-US"}]}</script>
<!-- / Yoast SEO plugin. -->

SIQUEIROS DAVID ALFARO. LA TRÁCALA. MI RÉPLICA A UN GOBIERNO FISCAL - JUEZ -

Año 1962  Rústico, en muy buenas condiciones. El empastado está un poquito maltratado.  Representa sólo la edición inicial de una serie de tres tomos.  Impreso en México.  78 páginas
